{"id":12361,"date":"2024-02-14T10:39:34","date_gmt":"2024-02-14T09:39:34","guid":{"rendered":"https:\/\/frequence-sille.org\/newsite\/?page_id=12361"},"modified":"2024-06-03T12:39:42","modified_gmt":"2024-06-03T11:39:42","slug":"linstant-actu-par-les-terminales-geopo","status":"publish","type":"page","link":"https:\/\/frequence-sille.org\/newsite\/linstant-actu-par-les-terminales-geopo\/","title":{"rendered":"L&rsquo;instant Actu &#8211; Par les Terminales GeoPo"},"content":{"rendered":"\n<p>Nouveaut\u00e9 chez Fr\u00e9quence Sill\u00e9, dans le cadre de leur cours de G\u00e9opolitique, des \u00e9l\u00e8ves de terminales vont nous parler de l&rsquo;actu internationale chaque semaine dans l&rsquo;Instant Actu.<br><\/p>\n\n\n\n<p>Pour le premier, No\u00e9 nous pr\u00e9sente trois informations qui se sont pass\u00e9 la semaine du 29 janvier au 02 f\u00e9vrier : <br>&#8211; le discours et retournement du Premier ministre Slovaque, <br>&#8211; la volont\u00e9 d\u2019alunissage des \u00c9tats-Unis,<br>&#8211; et la gr\u00e8ve qui a eu lieu en France le jeudi 1er f\u00e9vrier.<\/p>\n\n\n\n<iframe loading=\"lazy\" scrolling=\"no\" id=\"hearthis_at_track_10729130\" width=\"100%\" height=\"150\" src=\"https:\/\/app.hearthis.at\/embed\/10729130\/transparent_black\/?hcolor=&#038;color=&#038;style=2&#038;block_size=2&#038;block_space=1&#038;background=1&#038;waveform=0&#038;cover=0&#038;autoplay=0&#038;css=\" frameborder=\"0\" allowtransparency allow=\"autoplay\"><p>Listen to <a href=\"https:\/\/hearthis.at\/frequence-sille\/instant-actu-1-2024-02-07-noe-geopo-pad\/\" target=\"_blank\" rel=\"noopener\">Instant Actu #1 &#8211; 2024 02 07 &#8211; No\u00e9 GeoPo<\/a> <span>by<\/span><a href=\"https:\/\/hearthis.at\/frequence-sille\/\" target=\"_blank\" rel=\"noopener\">Frequence Sill\u00e9<\/a> <span>on<\/span> <a href=\"https:\/\/hearthis.at\/\" target=\"_blank\" rel=\"noopener\">hearthis.at<\/a><\/p><\/iframe>\n\n\n\n<p><\/p>\n\n\n\n<p>Charles nous pr\u00e9sente une nouvelle \u00e9dition d\u2019instant actu, sur la semaine du 5 au 12 f\u00e9vrier.<br>Les titres sont :<br>\u2013 La manifestation pour le projet d\u2019autoroute A 69 entre Toulouse et Castres,<br>\u2013 Un nouveau rapport sur le climat,<br>\u2013 L\u2019hommage national aux 42 victimes fran\u00e7aises de l\u2019attaque meurtri\u00e8re du Hamas en Isra\u00ebl,<br>\u2013 Conflit au Congo une marche organis\u00e9 \u00e0 Paris pour d\u00e9noncer les massacres,<br>\u2013 Le Parc des Princes n\u2019est pas \u00e0 vendre.<\/p>\n\n\n\n<iframe loading=\"lazy\" scrolling=\"no\" id=\"hearthis_at_track_10760169\" width=\"100%\" height=\"150\" src=\"https:\/\/app.hearthis.at\/embed\/10760169\/transparent_black\/?hcolor=&#038;color=&#038;style=2&#038;block_size=2&#038;block_space=1&#038;background=1&#038;waveform=0&#038;cover=0&#038;autoplay=0&#038;css=\" frameborder=\"0\" allowtransparency allow=\"autoplay\"><p>Listen to <a href=\"https:\/\/hearthis.at\/frequence-sille\/instant-actu-2-2024-02-12-charles-pad\/\" target=\"_blank\" rel=\"noopener\">Instant Actu #2 &#8211; 2024 02 12 Charles<\/a> <span>by<\/span><a href=\"https:\/\/hearthis.at\/frequence-sille\/\" target=\"_blank\" rel=\"noopener\">Frequence Sill\u00e9<\/a> <span>on<\/span> <a href=\"https:\/\/hearthis.at\/\" target=\"_blank\" rel=\"noopener\">hearthis.at<\/a><\/p><\/iframe>\n\n\n\n<p><\/p>\n\n\n\n<p>Instant actu, avec Gabriel, sur la semaine du 12 au 18 f\u00e9vrier.<br>Les sujets sont :<br>&#8211; Une nouvelle taxe pour les touriste \u00e0 Bali,<br>&#8211; Action du mouvement italien \u00e9cologiste dans un mus\u00e9e de Florence,<br>&#8211; L&rsquo;appel du pr\u00e9sident Emmanuel Macron au premi\u00e8re ministre Isra\u00eblien Benyamin Netanyahou,<br>&#8211; L&rsquo;accord bilat\u00e9ral de s\u00e9curit\u00e9 entre Emmanuel Macron et Volodymyr Zelensky,<br>&#8211; Les \u00c9tats-Unis suspectent les Russes de d\u00e9velopper une nouvelle arme nucl\u00e9aire antisatellite.<\/p>\n\n\n\n<iframe loading=\"lazy\" scrolling=\"no\" id=\"hearthis_at_track_10814380\" width=\"100%\" height=\"150\" src=\"https:\/\/app.hearthis.at\/embed\/10814380\/transparent_black\/?hcolor=&#038;color=&#038;style=2&#038;block_size=2&#038;block_space=1&#038;background=1&#038;waveform=0&#038;cover=0&#038;autoplay=0&#038;css=\" frameborder=\"0\" allowtransparency allow=\"autoplay\"><p>Listen to <a href=\"https:\/\/hearthis.at\/frequence-sille\/instant-actu-3-2024-02-19-gabriel-v1\/\" target=\"_blank\" rel=\"noopener\">Instant Actu #3 &#8211; 2024 02 19 &#8211; Gabriel<\/a> <span>by<\/span><a href=\"https:\/\/hearthis.at\/frequence-sille\/\" target=\"_blank\" rel=\"noopener\">Frequence Sill\u00e9<\/a> <span>on<\/span> <a href=\"https:\/\/hearthis.at\/\" target=\"_blank\" rel=\"noopener\">hearthis.at<\/a><\/p><\/iframe>\n\n\n\n<p><\/p>\n\n\n\n<p>Madisson nous pr\u00e9sente une nouvelle \u00e9dition d\u2019instant actu.<br>Les titres sont :<br>\u2013 L\u2019entr\u00e9e dans la constitution du droit \u00e0 l\u2019IVG,<br>\u2013 Les buissons volants aux \u00c9tats-Unis,<br>\u2013 Joe Biden fait pression pour un cessez-le-feu \u00e0 Gaza,<br>\u2013 Des milliers de d\u00e9tenus se sont \u00e9vad\u00e9s d\u2019un centre p\u00e9nitentiaire \u00e0 Port-au-Prince, \u00e0 Ha\u00efti.<\/p>\n\n\n\n<iframe loading=\"lazy\" scrolling=\"no\" id=\"hearthis_at_track_10973815\" width=\"100%\" height=\"150\" src=\"https:\/\/app.hearthis.at\/embed\/10973815\/transparent_black\/?hcolor=&#038;color=&#038;style=2&#038;block_size=2&#038;block_space=1&#038;background=1&#038;waveform=0&#038;cover=0&#038;autoplay=0&#038;css=\" frameborder=\"0\" allowtransparency allow=\"autoplay\"><p>Listen to <a href=\"https:\/\/hearthis.at\/frequence-sille\/instant-actu-4-2024-03-11-madisson-pad\/\" target=\"_blank\" rel=\"noopener\">Instant Actu #4 &#8211; 2024 03 11 &#8211; Madisson<\/a> <span>by<\/span><a href=\"https:\/\/hearthis.at\/frequence-sille\/\" target=\"_blank\" rel=\"noopener\">Frequence Sill\u00e9<\/a> <span>on<\/span> <a href=\"https:\/\/hearthis.at\/\" target=\"_blank\" rel=\"noopener\">hearthis.at<\/a><\/p><\/iframe>\n\n\n\n<p><\/p>\n\n\n\n<p>Instant actu pr\u00e9sent\u00e9 par Tom.<br>Les six th\u00e8mes sont :<br>&#8211; une taxe sur l&rsquo;envoi de fus\u00e9es dans l&rsquo;espace,<br>&#8211; Frappe Isra\u00eblienne du 2 avril sur Gaza,<br>&#8211; La reconnaissance des Harkis par l&rsquo;\u00e9tat Fran\u00e7ais,<br>&#8211; Appel au dons pour le clocher Garidech,<br>&#8211; Mise en garde au sujet de l&rsquo;\u00e9rosion c\u00f4ti\u00e8re,<br>&#8211; Gr\u00e8ve des enseignent du 2 avril.<\/p>\n\n\n\n<iframe loading=\"lazy\" scrolling=\"no\" id=\"hearthis_at_track_11026897\" width=\"100%\" height=\"150\" src=\"https:\/\/app.hearthis.at\/embed\/11026897\/transparent_black\/?hcolor=&#038;color=&#038;style=2&#038;block_size=2&#038;block_space=1&#038;background=1&#038;waveform=0&#038;cover=0&#038;autoplay=0&#038;css=\" frameborder=\"0\" allowtransparency allow=\"autoplay\"><p>Listen to <a href=\"https:\/\/hearthis.at\/frequence-sille\/instant-actu-5-2024-04-08-tom-pad\/\" target=\"_blank\" rel=\"noopener\">Instant Actu #5 &#8211; 2024 04 08 &#8211; Tom<\/a> <span>by<\/span><a href=\"https:\/\/hearthis.at\/frequence-sille\/\" target=\"_blank\" rel=\"noopener\">Frequence Sill\u00e9<\/a> <span>on<\/span> <a href=\"https:\/\/hearthis.at\/\" target=\"_blank\" rel=\"noopener\">hearthis.at<\/a><\/p><\/iframe>\n\n\n\n<p><\/p>\n\n\n\n<p> Instant actu pr\u00e9sent\u00e9 par Enzo et Chlo\u00e9<br>Les titres sont :<br>&#8211; Le premier ministre Gabriel Attal a appel\u00e9 au calme en Nouvelle-Cal\u00e9donie,<br>&#8211; Une boule de feu bleu a illumin\u00e9 une parti du ciel de l\u2019Espagne et du Portugal,<br>&#8211; La Martinique a \u00e9t\u00e9 plac\u00e9e en crise s\u00e9cheresse pour la premi\u00e8re fois de son histoire,<br>&#8211; 20\u00e8me \u00e9dition de la nuit Europ\u00e9enne des mus\u00e9es.<\/p>\n\n\n\n<iframe loading=\"lazy\" scrolling=\"no\" id=\"hearthis_at_track_11106533\" width=\"100%\" height=\"150\" src=\"https:\/\/app.hearthis.at\/embed\/11106533\/transparent_black\/?hcolor=&#038;color=&#038;style=2&#038;block_size=2&#038;block_space=1&#038;background=1&#038;waveform=0&#038;cover=0&#038;autoplay=0&#038;css=\" frameborder=\"0\" allowtransparency allow=\"autoplay\"><p>Listen to <a href=\"https:\/\/hearthis.at\/frequence-sille\/instant-actu-6-2024-05-21-enzo-chloe-pad\/\" target=\"_blank\" rel=\"noopener\">Instant Actu #6 &#8211; 2024 05 21 Enzo &amp; Chlo\u00e9<\/a> <span>by<\/span><a href=\"https:\/\/hearthis.at\/frequence-sille\/\" target=\"_blank\" rel=\"noopener\">Frequence Sill\u00e9<\/a> <span>on<\/span> <a href=\"https:\/\/hearthis.at\/\" target=\"_blank\" rel=\"noopener\">hearthis.at<\/a><\/p><\/iframe>\n","protected":false},"excerpt":{"rendered":"<p>Nouveaut\u00e9 chez Fr\u00e9quence Sill\u00e9, dans le cadre de leur cours de G\u00e9opolitique, des \u00e9l\u00e8ves de terminales vont nous parler de l&rsquo;actu internationale chaque semaine dans l&rsquo;Instant Actu. Pour le premier,&hellip;<\/p>\n","protected":false},"author":1,"featured_media":12338,"parent":0,"menu_order":0,"comment_status":"closed","ping_status":"closed","template":"","meta":{"footnotes":""},"class_list":["post-12361","page","type-page","status-publish","has-post-thumbnail","hentry"],"yoast_head":"<!-- This site is optimized with the Yoast SEO plugin v27.5 - https:\/\/yoast.com\/product\/yoast-seo-wordpress\/ -->\n<title>L&#039;instant Actu - Par les Terminales GeoPo - Fr\u00e9quence Sill\u00e9<\/title>\n<meta name=\"robots\" content=\"index, follow, max-snippet:-1, max-image-preview:large, max-video-preview:-1\" \/>\n<link rel=\"canonical\" href=\"https:\/\/frequence-sille.org\/newsite\/linstant-actu-par-les-terminales-geopo\/\" \/>\n<meta property=\"og:locale\" content=\"fr_FR\" \/>\n<meta property=\"og:type\" content=\"article\" \/>\n<meta property=\"og:title\" content=\"L&#039;instant Actu - Par les Terminales GeoPo - Fr\u00e9quence Sill\u00e9\" \/>\n<meta property=\"og:description\" content=\"Nouveaut\u00e9 chez Fr\u00e9quence Sill\u00e9, dans le cadre de leur cours de G\u00e9opolitique, des \u00e9l\u00e8ves de terminales vont nous parler de l&rsquo;actu internationale chaque semaine dans l&rsquo;Instant Actu. Pour le premier,&hellip;\" \/>\n<meta property=\"og:url\" content=\"https:\/\/frequence-sille.org\/newsite\/linstant-actu-par-les-terminales-geopo\/\" \/>\n<meta property=\"og:site_name\" content=\"Fr\u00e9quence Sill\u00e9\" \/>\n<meta property=\"article:publisher\" content=\"https:\/\/www.facebook.com\/frequencesille979fm\" \/>\n<meta property=\"article:modified_time\" content=\"2024-06-03T11:39:42+00:00\" \/>\n<meta property=\"og:image\" content=\"https:\/\/frequence-sille.org\/newsite\/wp-content\/uploads\/2024\/02\/Design-sans-titre-2-1024x384.png\" \/>\n\t<meta property=\"og:image:width\" content=\"1024\" \/>\n\t<meta property=\"og:image:height\" content=\"384\" \/>\n\t<meta property=\"og:image:type\" content=\"image\/png\" \/>\n<meta name=\"twitter:card\" content=\"summary_large_image\" \/>\n<meta name=\"twitter:site\" content=\"@freqsille979\" \/>\n<meta name=\"twitter:label1\" content=\"Dur\u00e9e de lecture estim\u00e9e\" \/>\n\t<meta name=\"twitter:data1\" content=\"3 minutes\" \/>\n<script type=\"application\/ld+json\" class=\"yoast-schema-graph\">{\"@context\":\"https:\\\/\\\/schema.org\",\"@graph\":[{\"@type\":\"WebPage\",\"@id\":\"https:\\\/\\\/frequence-sille.org\\\/newsite\\\/linstant-actu-par-les-terminales-geopo\\\/\",\"url\":\"https:\\\/\\\/frequence-sille.org\\\/newsite\\\/linstant-actu-par-les-terminales-geopo\\\/\",\"name\":\"L'instant Actu - Par les Terminales GeoPo - Fr\u00e9quence Sill\u00e9\",\"isPartOf\":{\"@id\":\"https:\\\/\\\/frequence-sille.org\\\/newsite\\\/#website\"},\"primaryImageOfPage\":{\"@id\":\"https:\\\/\\\/frequence-sille.org\\\/newsite\\\/linstant-actu-par-les-terminales-geopo\\\/#primaryimage\"},\"image\":{\"@id\":\"https:\\\/\\\/frequence-sille.org\\\/newsite\\\/linstant-actu-par-les-terminales-geopo\\\/#primaryimage\"},\"thumbnailUrl\":\"https:\\\/\\\/frequence-sille.org\\\/newsite\\\/wp-content\\\/uploads\\\/2024\\\/02\\\/Design-sans-titre-2.png\",\"datePublished\":\"2024-02-14T09:39:34+00:00\",\"dateModified\":\"2024-06-03T11:39:42+00:00\",\"breadcrumb\":{\"@id\":\"https:\\\/\\\/frequence-sille.org\\\/newsite\\\/linstant-actu-par-les-terminales-geopo\\\/#breadcrumb\"},\"inLanguage\":\"fr-FR\",\"potentialAction\":[{\"@type\":\"ReadAction\",\"target\":[\"https:\\\/\\\/frequence-sille.org\\\/newsite\\\/linstant-actu-par-les-terminales-geopo\\\/\"]}]},{\"@type\":\"ImageObject\",\"inLanguage\":\"fr-FR\",\"@id\":\"https:\\\/\\\/frequence-sille.org\\\/newsite\\\/linstant-actu-par-les-terminales-geopo\\\/#primaryimage\",\"url\":\"https:\\\/\\\/frequence-sille.org\\\/newsite\\\/wp-content\\\/uploads\\\/2024\\\/02\\\/Design-sans-titre-2.png\",\"contentUrl\":\"https:\\\/\\\/frequence-sille.org\\\/newsite\\\/wp-content\\\/uploads\\\/2024\\\/02\\\/Design-sans-titre-2.png\",\"width\":9216,\"height\":3456},{\"@type\":\"BreadcrumbList\",\"@id\":\"https:\\\/\\\/frequence-sille.org\\\/newsite\\\/linstant-actu-par-les-terminales-geopo\\\/#breadcrumb\",\"itemListElement\":[{\"@type\":\"ListItem\",\"position\":1,\"name\":\"Accueil\",\"item\":\"https:\\\/\\\/frequence-sille.org\\\/newsite\\\/\"},{\"@type\":\"ListItem\",\"position\":2,\"name\":\"L&#8217;instant Actu &#8211; Par les Terminales GeoPo\"}]},{\"@type\":\"WebSite\",\"@id\":\"https:\\\/\\\/frequence-sille.org\\\/newsite\\\/#website\",\"url\":\"https:\\\/\\\/frequence-sille.org\\\/newsite\\\/\",\"name\":\"Fr\u00e9quence Sill\u00e9\",\"description\":\"Bien plus qu&#039;une radio...votre radio !\",\"publisher\":{\"@id\":\"https:\\\/\\\/frequence-sille.org\\\/newsite\\\/#organization\"},\"potentialAction\":[{\"@type\":\"SearchAction\",\"target\":{\"@type\":\"EntryPoint\",\"urlTemplate\":\"https:\\\/\\\/frequence-sille.org\\\/newsite\\\/?s={search_term_string}\"},\"query-input\":{\"@type\":\"PropertyValueSpecification\",\"valueRequired\":true,\"valueName\":\"search_term_string\"}}],\"inLanguage\":\"fr-FR\"},{\"@type\":\"Organization\",\"@id\":\"https:\\\/\\\/frequence-sille.org\\\/newsite\\\/#organization\",\"name\":\"Fr\u00e9quence Sill\u00e9\",\"url\":\"https:\\\/\\\/frequence-sille.org\\\/newsite\\\/\",\"logo\":{\"@type\":\"ImageObject\",\"inLanguage\":\"fr-FR\",\"@id\":\"https:\\\/\\\/frequence-sille.org\\\/newsite\\\/#\\\/schema\\\/logo\\\/image\\\/\",\"url\":\"https:\\\/\\\/frequence-sille.org\\\/newsite\\\/wp-content\\\/uploads\\\/2023\\\/07\\\/LOGO_979_NOIR.png\",\"contentUrl\":\"https:\\\/\\\/frequence-sille.org\\\/newsite\\\/wp-content\\\/uploads\\\/2023\\\/07\\\/LOGO_979_NOIR.png\",\"width\":7680,\"height\":4320,\"caption\":\"Fr\u00e9quence Sill\u00e9\"},\"image\":{\"@id\":\"https:\\\/\\\/frequence-sille.org\\\/newsite\\\/#\\\/schema\\\/logo\\\/image\\\/\"},\"sameAs\":[\"https:\\\/\\\/www.facebook.com\\\/frequencesille979fm\",\"https:\\\/\\\/x.com\\\/freqsille979\",\"https:\\\/\\\/www.instagram.com\\\/frequencesille\\\/\"]}]}<\/script>\n<!-- \/ Yoast SEO plugin. -->","yoast_head_json":{"title":"L'instant Actu - Par les Terminales GeoPo - Fr\u00e9quence Sill\u00e9","robots":{"index":"index","follow":"follow","max-snippet":"max-snippet:-1","max-image-preview":"max-image-preview:large","max-video-preview":"max-video-preview:-1"},"canonical":"https:\/\/frequence-sille.org\/newsite\/linstant-actu-par-les-terminales-geopo\/","og_locale":"fr_FR","og_type":"article","og_title":"L'instant Actu - Par les Terminales GeoPo - Fr\u00e9quence Sill\u00e9","og_description":"Nouveaut\u00e9 chez Fr\u00e9quence Sill\u00e9, dans le cadre de leur cours de G\u00e9opolitique, des \u00e9l\u00e8ves de terminales vont nous parler de l&rsquo;actu internationale chaque semaine dans l&rsquo;Instant Actu. Pour le premier,&hellip;","og_url":"https:\/\/frequence-sille.org\/newsite\/linstant-actu-par-les-terminales-geopo\/","og_site_name":"Fr\u00e9quence Sill\u00e9","article_publisher":"https:\/\/www.facebook.com\/frequencesille979fm","article_modified_time":"2024-06-03T11:39:42+00:00","og_image":[{"width":1024,"height":384,"url":"https:\/\/frequence-sille.org\/newsite\/wp-content\/uploads\/2024\/02\/Design-sans-titre-2-1024x384.png","type":"image\/png"}],"twitter_card":"summary_large_image","twitter_site":"@freqsille979","twitter_misc":{"Dur\u00e9e de lecture estim\u00e9e":"3 minutes"},"schema":{"@context":"https:\/\/schema.org","@graph":[{"@type":"WebPage","@id":"https:\/\/frequence-sille.org\/newsite\/linstant-actu-par-les-terminales-geopo\/","url":"https:\/\/frequence-sille.org\/newsite\/linstant-actu-par-les-terminales-geopo\/","name":"L'instant Actu - Par les Terminales GeoPo - Fr\u00e9quence Sill\u00e9","isPartOf":{"@id":"https:\/\/frequence-sille.org\/newsite\/#website"},"primaryImageOfPage":{"@id":"https:\/\/frequence-sille.org\/newsite\/linstant-actu-par-les-terminales-geopo\/#primaryimage"},"image":{"@id":"https:\/\/frequence-sille.org\/newsite\/linstant-actu-par-les-terminales-geopo\/#primaryimage"},"thumbnailUrl":"https:\/\/frequence-sille.org\/newsite\/wp-content\/uploads\/2024\/02\/Design-sans-titre-2.png","datePublished":"2024-02-14T09:39:34+00:00","dateModified":"2024-06-03T11:39:42+00:00","breadcrumb":{"@id":"https:\/\/frequence-sille.org\/newsite\/linstant-actu-par-les-terminales-geopo\/#breadcrumb"},"inLanguage":"fr-FR","potentialAction":[{"@type":"ReadAction","target":["https:\/\/frequence-sille.org\/newsite\/linstant-actu-par-les-terminales-geopo\/"]}]},{"@type":"ImageObject","inLanguage":"fr-FR","@id":"https:\/\/frequence-sille.org\/newsite\/linstant-actu-par-les-terminales-geopo\/#primaryimage","url":"https:\/\/frequence-sille.org\/newsite\/wp-content\/uploads\/2024\/02\/Design-sans-titre-2.png","contentUrl":"https:\/\/frequence-sille.org\/newsite\/wp-content\/uploads\/2024\/02\/Design-sans-titre-2.png","width":9216,"height":3456},{"@type":"BreadcrumbList","@id":"https:\/\/frequence-sille.org\/newsite\/linstant-actu-par-les-terminales-geopo\/#breadcrumb","itemListElement":[{"@type":"ListItem","position":1,"name":"Accueil","item":"https:\/\/frequence-sille.org\/newsite\/"},{"@type":"ListItem","position":2,"name":"L&#8217;instant Actu &#8211; Par les Terminales GeoPo"}]},{"@type":"WebSite","@id":"https:\/\/frequence-sille.org\/newsite\/#website","url":"https:\/\/frequence-sille.org\/newsite\/","name":"Fr\u00e9quence Sill\u00e9","description":"Bien plus qu&#039;une radio...votre radio !","publisher":{"@id":"https:\/\/frequence-sille.org\/newsite\/#organization"},"potentialAction":[{"@type":"SearchAction","target":{"@type":"EntryPoint","urlTemplate":"https:\/\/frequence-sille.org\/newsite\/?s={search_term_string}"},"query-input":{"@type":"PropertyValueSpecification","valueRequired":true,"valueName":"search_term_string"}}],"inLanguage":"fr-FR"},{"@type":"Organization","@id":"https:\/\/frequence-sille.org\/newsite\/#organization","name":"Fr\u00e9quence Sill\u00e9","url":"https:\/\/frequence-sille.org\/newsite\/","logo":{"@type":"ImageObject","inLanguage":"fr-FR","@id":"https:\/\/frequence-sille.org\/newsite\/#\/schema\/logo\/image\/","url":"https:\/\/frequence-sille.org\/newsite\/wp-content\/uploads\/2023\/07\/LOGO_979_NOIR.png","contentUrl":"https:\/\/frequence-sille.org\/newsite\/wp-content\/uploads\/2023\/07\/LOGO_979_NOIR.png","width":7680,"height":4320,"caption":"Fr\u00e9quence Sill\u00e9"},"image":{"@id":"https:\/\/frequence-sille.org\/newsite\/#\/schema\/logo\/image\/"},"sameAs":["https:\/\/www.facebook.com\/frequencesille979fm","https:\/\/x.com\/freqsille979","https:\/\/www.instagram.com\/frequencesille\/"]}]}},"_links":{"self":[{"href":"https:\/\/frequence-sille.org\/newsite\/wp-json\/wp\/v2\/pages\/12361","targetHints":{"allow":["GET"]}}],"collection":[{"href":"https:\/\/frequence-sille.org\/newsite\/wp-json\/wp\/v2\/pages"}],"about":[{"href":"https:\/\/frequence-sille.org\/newsite\/wp-json\/wp\/v2\/types\/page"}],"author":[{"embeddable":true,"href":"https:\/\/frequence-sille.org\/newsite\/wp-json\/wp\/v2\/users\/1"}],"replies":[{"embeddable":true,"href":"https:\/\/frequence-sille.org\/newsite\/wp-json\/wp\/v2\/comments?post=12361"}],"version-history":[{"count":4,"href":"https:\/\/frequence-sille.org\/newsite\/wp-json\/wp\/v2\/pages\/12361\/revisions"}],"predecessor-version":[{"id":13157,"href":"https:\/\/frequence-sille.org\/newsite\/wp-json\/wp\/v2\/pages\/12361\/revisions\/13157"}],"wp:featuredmedia":[{"embeddable":true,"href":"https:\/\/frequence-sille.org\/newsite\/wp-json\/wp\/v2\/media\/12338"}],"wp:attachment":[{"href":"https:\/\/frequence-sille.org\/newsite\/wp-json\/wp\/v2\/media?parent=12361"}],"curies":[{"name":"wp","href":"https:\/\/api.w.org\/{rel}","templated":true}]}}