{"id":181,"date":"2016-07-26T07:35:36","date_gmt":"2016-07-26T06:35:36","guid":{"rendered":"http:\/\/frequence-sille.org\/newsite\/?page_id=181"},"modified":"2021-09-08T17:38:39","modified_gmt":"2021-09-08T16:38:39","slug":"education-aux-medias","status":"publish","type":"page","link":"https:\/\/frequence-sille.org\/newsite\/nos-services\/education-aux-medias\/","title":{"rendered":"\u00c9ducation aux m\u00e9dias"},"content":{"rendered":"<p>L&rsquo;\u00e9ducation aux m\u00e9dias est depuis 1991 dans l&rsquo;ADN de Fr\u00e9quence Sill\u00e9. C&rsquo;est d&rsquo;ailleurs sur l&rsquo;id\u00e9e que la radio constituait un formidable outil p\u00e9dagogique que cette radio a \u00e9t\u00e9 cr\u00e9\u00e9e dans l&rsquo;enceinte d&rsquo;une Cit\u00e9 Scolaire (coll\u00e8ge et lyc\u00e9e).<\/p>\n<p>En 25 ans, une ma\u00eetrise dans ce domaine s&rsquo;est affirm\u00e9e \u00e0 l&rsquo;appui d&rsquo;une large diversit\u00e9 d\u2019exp\u00e9riences, d&rsquo;innovations et de pratiques au quotidien.<\/p>\n<p>La radio est unanimement reconnue en France et dans le monde pour son engagement sur l&rsquo;expression des jeunes et la reconnaissance de leurs droits \u00e0 non seulement s&rsquo;exprimer, mais surtout \u00e0 \u00eatre \u00e9cout\u00e9e et respect\u00e9e.<\/p>\n<p>C&rsquo;est Fr\u00e9quence Sill\u00e9 qui a \u00e9t\u00e9 \u00e0 l&rsquo;origine des rencontres internationales \u00ab\u00a0Radio et \u00e9ducation\u00a0\u00bb qui se sont tenues r\u00e9guli\u00e8rement de 2001 \u00e0 2006. Eric Lucas a anim\u00e9 \u00e0 Accra dans le cadre de l&rsquo;assembl\u00e9e mondiale de l&rsquo;Amarc l&rsquo;atelier sur les enjeux et les pratiques de l\u2019\u00e9ducation aux m\u00e9dias et \u00e0 la citoyennet\u00e9 par la radio.<\/p>\n<p style=\"text-align: center;\"><img loading=\"lazy\" decoding=\"async\" class=\"size-medium wp-image-544 aligncenter\" src=\"http:\/\/frequence-sille.org\/newsite\/wp-content\/uploads\/2016\/07\/le-studio-au-salon-des-glaces-300x225.jpg\" alt=\"le studio au salon des glaces\" width=\"300\" height=\"225\" srcset=\"https:\/\/frequence-sille.org\/newsite\/wp-content\/uploads\/2016\/07\/le-studio-au-salon-des-glaces-300x225.jpg 300w, https:\/\/frequence-sille.org\/newsite\/wp-content\/uploads\/2016\/07\/le-studio-au-salon-des-glaces-768x576.jpg 768w, https:\/\/frequence-sille.org\/newsite\/wp-content\/uploads\/2016\/07\/le-studio-au-salon-des-glaces.jpg 800w\" sizes=\"auto, (max-width: 300px) 100vw, 300px\" \/><em>Signature de l&rsquo;accord cadre national<\/em><\/p>\n<p>Le 23 mars 2016, c&rsquo;est Fr\u00e9quence Sill\u00e9 avec des lyc\u00e9ens et des coll\u00e9giens qui a install\u00e9 un studio au Minist\u00e8re de l&rsquo;Education Nationale pour une \u00e9mission d&rsquo;\u00e9change de 30 minutes entre les jeunes et la ministre Najat Vallaud-Belkacem, le jour o\u00f9 le Syndicat National des Radios Libres repr\u00e9sent\u00e9 par son pr\u00e9sident Emmanuel Boutterin, signait avec la ministre un accord cadre national reconnaissant la place des radios libres dans les coop\u00e9rations \u00e9ducatives sur les territoires.<\/p>\n<p>Fr\u00e9quence Sill\u00e9 propose diff\u00e9rents services dans le domaine de l&rsquo;\u00e9ducation aux m\u00e9dias :<\/p>\n<ul>\n<li>Formation professionnelle des animateurs et des dirigeants des radios<\/li>\n<li>Formation des professionnels de l&rsquo;\u00e9ducation (enseignants, documentalistes, etc&#8230;)<\/li>\n<li>Collaboration \u00e0 des projets p\u00e9dagogiques d&rsquo;\u00e9tablissements scolaires<\/li>\n<li>Prestation cl\u00e9 en main conduisant vers une \u00e9mission en direct sur l&rsquo;information<\/li>\n<li>Intervention dans les activit\u00e9s p\u00e9riscolaires<\/li>\n<li>Organisation d&rsquo;actions m\u00e9dias inter-\u00e9tablissement en local ou international<\/li>\n<li>Soutien \u00e0 la cr\u00e9ation<\/li>\n<li>Implantation de studio sur des \u00e9v\u00e9nements impliquant des jeunes<\/li>\n<li>Toutes autres formes de collaborations avec les \u00e9coles<\/li>\n<\/ul>\n<p>Vous trouverez dans cette page Internet quelques exemples d&rsquo;actions men\u00e9es en \u00e9ducation aux m\u00e9dias.<\/p>\n<ul>\n<li><a href=\"http:\/\/frequence-sille.org\/cooperation\/description-du-projet-4\/\" target=\"_blank\" rel=\"noopener noreferrer\">Reportages en ext\u00e9rieur (r\u00e9daction de lyc\u00e9ens au Burundi)<\/a><\/li>\n<li>Activit\u00e9s p\u00e9riscolaires<\/li>\n<li>Actions pendant la \u00ab\u00a0Semaine de la presse \u00e0 l&rsquo;\u00e9cole\u00a0\u00bb<\/li>\n<\/ul>\n<p>Nous ne citons pas ici les \u00e9missions r\u00e9guli\u00e8res r\u00e9alis\u00e9es chaque semaine par les coll\u00e9giens et lyc\u00e9ens de la Cit\u00e9 scolaire, dans le cadre de l&rsquo;enseignement radio reconnue officiellement par l\u2019\u00c9ducation Nationale, des ateliers d&rsquo;initiation et de productions des lyc\u00e9ens et coll\u00e9giens, ou du travail de rem\u00e9diation et de cr\u00e9ation artistique dans le cadre du p\u00f4le r\u00e9gional d&rsquo;excellence et de ressources autour de la parole, bas\u00e9e \u00e0 Sill\u00e9 Le Guillaume.<\/p>\n<p>Pour solliciter nos services, formation, accompagnement, prestations diverses, votre contact est Eric Lucas : freqsille@aol.com &#8211; 0608827987<\/p>\n","protected":false},"excerpt":{"rendered":"<p>L&rsquo;\u00e9ducation aux m\u00e9dias est depuis 1991 dans l&rsquo;ADN de Fr\u00e9quence Sill\u00e9. C&rsquo;est d&rsquo;ailleurs sur l&rsquo;id\u00e9e que la radio constituait un formidable outil p\u00e9dagogique que cette radio a \u00e9t\u00e9 cr\u00e9\u00e9e dans&hellip;<\/p>\n","protected":false},"author":1,"featured_media":0,"parent":166,"menu_order":170,"comment_status":"closed","ping_status":"closed","template":"","meta":{"footnotes":""},"class_list":["post-181","page","type-page","status-publish","hentry","no-post-thumbnail"],"yoast_head":"<!-- This site is optimized with the Yoast SEO plugin v27.3 - https:\/\/yoast.com\/product\/yoast-seo-wordpress\/ -->\n<title>\u00c9ducation aux m\u00e9dias - Fr\u00e9quence Sill\u00e9<\/title>\n<meta name=\"robots\" content=\"index, follow, max-snippet:-1, max-image-preview:large, max-video-preview:-1\" \/>\n<link rel=\"canonical\" href=\"https:\/\/frequence-sille.org\/newsite\/nos-services\/education-aux-medias\/\" \/>\n<meta property=\"og:locale\" content=\"fr_FR\" \/>\n<meta property=\"og:type\" content=\"article\" \/>\n<meta property=\"og:title\" content=\"\u00c9ducation aux m\u00e9dias - Fr\u00e9quence Sill\u00e9\" \/>\n<meta property=\"og:description\" content=\"L&rsquo;\u00e9ducation aux m\u00e9dias est depuis 1991 dans l&rsquo;ADN de Fr\u00e9quence Sill\u00e9. C&rsquo;est d&rsquo;ailleurs sur l&rsquo;id\u00e9e que la radio constituait un formidable outil p\u00e9dagogique que cette radio a \u00e9t\u00e9 cr\u00e9\u00e9e dans&hellip;\" \/>\n<meta property=\"og:url\" content=\"https:\/\/frequence-sille.org\/newsite\/nos-services\/education-aux-medias\/\" \/>\n<meta property=\"og:site_name\" content=\"Fr\u00e9quence Sill\u00e9\" \/>\n<meta property=\"article:publisher\" content=\"https:\/\/www.facebook.com\/frequencesille979fm\" \/>\n<meta property=\"article:modified_time\" content=\"2021-09-08T16:38:39+00:00\" \/>\n<meta property=\"og:image\" content=\"http:\/\/frequence-sille.org\/newsite\/wp-content\/uploads\/2016\/07\/le-studio-au-salon-des-glaces-300x225.jpg\" \/>\n<meta name=\"twitter:card\" content=\"summary_large_image\" \/>\n<meta name=\"twitter:site\" content=\"@freqsille979\" \/>\n<meta name=\"twitter:label1\" content=\"Dur\u00e9e de lecture estim\u00e9e\" \/>\n\t<meta name=\"twitter:data1\" content=\"2 minutes\" \/>\n<script type=\"application\/ld+json\" class=\"yoast-schema-graph\">{\"@context\":\"https:\\\/\\\/schema.org\",\"@graph\":[{\"@type\":\"WebPage\",\"@id\":\"https:\\\/\\\/frequence-sille.org\\\/newsite\\\/nos-services\\\/education-aux-medias\\\/\",\"url\":\"https:\\\/\\\/frequence-sille.org\\\/newsite\\\/nos-services\\\/education-aux-medias\\\/\",\"name\":\"\u00c9ducation aux m\u00e9dias - Fr\u00e9quence Sill\u00e9\",\"isPartOf\":{\"@id\":\"https:\\\/\\\/frequence-sille.org\\\/newsite\\\/#website\"},\"primaryImageOfPage\":{\"@id\":\"https:\\\/\\\/frequence-sille.org\\\/newsite\\\/nos-services\\\/education-aux-medias\\\/#primaryimage\"},\"image\":{\"@id\":\"https:\\\/\\\/frequence-sille.org\\\/newsite\\\/nos-services\\\/education-aux-medias\\\/#primaryimage\"},\"thumbnailUrl\":\"http:\\\/\\\/frequence-sille.org\\\/newsite\\\/wp-content\\\/uploads\\\/2016\\\/07\\\/le-studio-au-salon-des-glaces-300x225.jpg\",\"datePublished\":\"2016-07-26T06:35:36+00:00\",\"dateModified\":\"2021-09-08T16:38:39+00:00\",\"breadcrumb\":{\"@id\":\"https:\\\/\\\/frequence-sille.org\\\/newsite\\\/nos-services\\\/education-aux-medias\\\/#breadcrumb\"},\"inLanguage\":\"fr-FR\",\"potentialAction\":[{\"@type\":\"ReadAction\",\"target\":[\"https:\\\/\\\/frequence-sille.org\\\/newsite\\\/nos-services\\\/education-aux-medias\\\/\"]}]},{\"@type\":\"ImageObject\",\"inLanguage\":\"fr-FR\",\"@id\":\"https:\\\/\\\/frequence-sille.org\\\/newsite\\\/nos-services\\\/education-aux-medias\\\/#primaryimage\",\"url\":\"https:\\\/\\\/frequence-sille.org\\\/newsite\\\/wp-content\\\/uploads\\\/2016\\\/07\\\/le-studio-au-salon-des-glaces.jpg\",\"contentUrl\":\"https:\\\/\\\/frequence-sille.org\\\/newsite\\\/wp-content\\\/uploads\\\/2016\\\/07\\\/le-studio-au-salon-des-glaces.jpg\",\"width\":800,\"height\":600},{\"@type\":\"BreadcrumbList\",\"@id\":\"https:\\\/\\\/frequence-sille.org\\\/newsite\\\/nos-services\\\/education-aux-medias\\\/#breadcrumb\",\"itemListElement\":[{\"@type\":\"ListItem\",\"position\":1,\"name\":\"Accueil\",\"item\":\"https:\\\/\\\/frequence-sille.org\\\/newsite\\\/\"},{\"@type\":\"ListItem\",\"position\":2,\"name\":\"Nos services\",\"item\":\"https:\\\/\\\/frequence-sille.org\\\/newsite\\\/nos-services\\\/\"},{\"@type\":\"ListItem\",\"position\":3,\"name\":\"\u00c9ducation aux m\u00e9dias\"}]},{\"@type\":\"WebSite\",\"@id\":\"https:\\\/\\\/frequence-sille.org\\\/newsite\\\/#website\",\"url\":\"https:\\\/\\\/frequence-sille.org\\\/newsite\\\/\",\"name\":\"Fr\u00e9quence Sill\u00e9\",\"description\":\"Bien plus qu&#039;une radio...votre radio !\",\"publisher\":{\"@id\":\"https:\\\/\\\/frequence-sille.org\\\/newsite\\\/#organization\"},\"potentialAction\":[{\"@type\":\"SearchAction\",\"target\":{\"@type\":\"EntryPoint\",\"urlTemplate\":\"https:\\\/\\\/frequence-sille.org\\\/newsite\\\/?s={search_term_string}\"},\"query-input\":{\"@type\":\"PropertyValueSpecification\",\"valueRequired\":true,\"valueName\":\"search_term_string\"}}],\"inLanguage\":\"fr-FR\"},{\"@type\":\"Organization\",\"@id\":\"https:\\\/\\\/frequence-sille.org\\\/newsite\\\/#organization\",\"name\":\"Fr\u00e9quence Sill\u00e9\",\"url\":\"https:\\\/\\\/frequence-sille.org\\\/newsite\\\/\",\"logo\":{\"@type\":\"ImageObject\",\"inLanguage\":\"fr-FR\",\"@id\":\"https:\\\/\\\/frequence-sille.org\\\/newsite\\\/#\\\/schema\\\/logo\\\/image\\\/\",\"url\":\"https:\\\/\\\/frequence-sille.org\\\/newsite\\\/wp-content\\\/uploads\\\/2023\\\/07\\\/LOGO_979_NOIR.png\",\"contentUrl\":\"https:\\\/\\\/frequence-sille.org\\\/newsite\\\/wp-content\\\/uploads\\\/2023\\\/07\\\/LOGO_979_NOIR.png\",\"width\":7680,\"height\":4320,\"caption\":\"Fr\u00e9quence Sill\u00e9\"},\"image\":{\"@id\":\"https:\\\/\\\/frequence-sille.org\\\/newsite\\\/#\\\/schema\\\/logo\\\/image\\\/\"},\"sameAs\":[\"https:\\\/\\\/www.facebook.com\\\/frequencesille979fm\",\"https:\\\/\\\/x.com\\\/freqsille979\",\"https:\\\/\\\/www.instagram.com\\\/frequencesille\\\/\"]}]}<\/script>\n<!-- \/ Yoast SEO plugin. -->","yoast_head_json":{"title":"\u00c9ducation aux m\u00e9dias - Fr\u00e9quence Sill\u00e9","robots":{"index":"index","follow":"follow","max-snippet":"max-snippet:-1","max-image-preview":"max-image-preview:large","max-video-preview":"max-video-preview:-1"},"canonical":"https:\/\/frequence-sille.org\/newsite\/nos-services\/education-aux-medias\/","og_locale":"fr_FR","og_type":"article","og_title":"\u00c9ducation aux m\u00e9dias - Fr\u00e9quence Sill\u00e9","og_description":"L&rsquo;\u00e9ducation aux m\u00e9dias est depuis 1991 dans l&rsquo;ADN de Fr\u00e9quence Sill\u00e9. C&rsquo;est d&rsquo;ailleurs sur l&rsquo;id\u00e9e que la radio constituait un formidable outil p\u00e9dagogique que cette radio a \u00e9t\u00e9 cr\u00e9\u00e9e dans&hellip;","og_url":"https:\/\/frequence-sille.org\/newsite\/nos-services\/education-aux-medias\/","og_site_name":"Fr\u00e9quence Sill\u00e9","article_publisher":"https:\/\/www.facebook.com\/frequencesille979fm","article_modified_time":"2021-09-08T16:38:39+00:00","og_image":[{"url":"http:\/\/frequence-sille.org\/newsite\/wp-content\/uploads\/2016\/07\/le-studio-au-salon-des-glaces-300x225.jpg","type":"","width":"","height":""}],"twitter_card":"summary_large_image","twitter_site":"@freqsille979","twitter_misc":{"Dur\u00e9e de lecture estim\u00e9e":"2 minutes"},"schema":{"@context":"https:\/\/schema.org","@graph":[{"@type":"WebPage","@id":"https:\/\/frequence-sille.org\/newsite\/nos-services\/education-aux-medias\/","url":"https:\/\/frequence-sille.org\/newsite\/nos-services\/education-aux-medias\/","name":"\u00c9ducation aux m\u00e9dias - Fr\u00e9quence Sill\u00e9","isPartOf":{"@id":"https:\/\/frequence-sille.org\/newsite\/#website"},"primaryImageOfPage":{"@id":"https:\/\/frequence-sille.org\/newsite\/nos-services\/education-aux-medias\/#primaryimage"},"image":{"@id":"https:\/\/frequence-sille.org\/newsite\/nos-services\/education-aux-medias\/#primaryimage"},"thumbnailUrl":"http:\/\/frequence-sille.org\/newsite\/wp-content\/uploads\/2016\/07\/le-studio-au-salon-des-glaces-300x225.jpg","datePublished":"2016-07-26T06:35:36+00:00","dateModified":"2021-09-08T16:38:39+00:00","breadcrumb":{"@id":"https:\/\/frequence-sille.org\/newsite\/nos-services\/education-aux-medias\/#breadcrumb"},"inLanguage":"fr-FR","potentialAction":[{"@type":"ReadAction","target":["https:\/\/frequence-sille.org\/newsite\/nos-services\/education-aux-medias\/"]}]},{"@type":"ImageObject","inLanguage":"fr-FR","@id":"https:\/\/frequence-sille.org\/newsite\/nos-services\/education-aux-medias\/#primaryimage","url":"https:\/\/frequence-sille.org\/newsite\/wp-content\/uploads\/2016\/07\/le-studio-au-salon-des-glaces.jpg","contentUrl":"https:\/\/frequence-sille.org\/newsite\/wp-content\/uploads\/2016\/07\/le-studio-au-salon-des-glaces.jpg","width":800,"height":600},{"@type":"BreadcrumbList","@id":"https:\/\/frequence-sille.org\/newsite\/nos-services\/education-aux-medias\/#breadcrumb","itemListElement":[{"@type":"ListItem","position":1,"name":"Accueil","item":"https:\/\/frequence-sille.org\/newsite\/"},{"@type":"ListItem","position":2,"name":"Nos services","item":"https:\/\/frequence-sille.org\/newsite\/nos-services\/"},{"@type":"ListItem","position":3,"name":"\u00c9ducation aux m\u00e9dias"}]},{"@type":"WebSite","@id":"https:\/\/frequence-sille.org\/newsite\/#website","url":"https:\/\/frequence-sille.org\/newsite\/","name":"Fr\u00e9quence Sill\u00e9","description":"Bien plus qu&#039;une radio...votre radio !","publisher":{"@id":"https:\/\/frequence-sille.org\/newsite\/#organization"},"potentialAction":[{"@type":"SearchAction","target":{"@type":"EntryPoint","urlTemplate":"https:\/\/frequence-sille.org\/newsite\/?s={search_term_string}"},"query-input":{"@type":"PropertyValueSpecification","valueRequired":true,"valueName":"search_term_string"}}],"inLanguage":"fr-FR"},{"@type":"Organization","@id":"https:\/\/frequence-sille.org\/newsite\/#organization","name":"Fr\u00e9quence Sill\u00e9","url":"https:\/\/frequence-sille.org\/newsite\/","logo":{"@type":"ImageObject","inLanguage":"fr-FR","@id":"https:\/\/frequence-sille.org\/newsite\/#\/schema\/logo\/image\/","url":"https:\/\/frequence-sille.org\/newsite\/wp-content\/uploads\/2023\/07\/LOGO_979_NOIR.png","contentUrl":"https:\/\/frequence-sille.org\/newsite\/wp-content\/uploads\/2023\/07\/LOGO_979_NOIR.png","width":7680,"height":4320,"caption":"Fr\u00e9quence Sill\u00e9"},"image":{"@id":"https:\/\/frequence-sille.org\/newsite\/#\/schema\/logo\/image\/"},"sameAs":["https:\/\/www.facebook.com\/frequencesille979fm","https:\/\/x.com\/freqsille979","https:\/\/www.instagram.com\/frequencesille\/"]}]}},"_links":{"self":[{"href":"https:\/\/frequence-sille.org\/newsite\/wp-json\/wp\/v2\/pages\/181","targetHints":{"allow":["GET"]}}],"collection":[{"href":"https:\/\/frequence-sille.org\/newsite\/wp-json\/wp\/v2\/pages"}],"about":[{"href":"https:\/\/frequence-sille.org\/newsite\/wp-json\/wp\/v2\/types\/page"}],"author":[{"embeddable":true,"href":"https:\/\/frequence-sille.org\/newsite\/wp-json\/wp\/v2\/users\/1"}],"replies":[{"embeddable":true,"href":"https:\/\/frequence-sille.org\/newsite\/wp-json\/wp\/v2\/comments?post=181"}],"version-history":[{"count":19,"href":"https:\/\/frequence-sille.org\/newsite\/wp-json\/wp\/v2\/pages\/181\/revisions"}],"predecessor-version":[{"id":6636,"href":"https:\/\/frequence-sille.org\/newsite\/wp-json\/wp\/v2\/pages\/181\/revisions\/6636"}],"up":[{"embeddable":true,"href":"https:\/\/frequence-sille.org\/newsite\/wp-json\/wp\/v2\/pages\/166"}],"wp:attachment":[{"href":"https:\/\/frequence-sille.org\/newsite\/wp-json\/wp\/v2\/media?parent=181"}],"curies":[{"name":"wp","href":"https:\/\/api.w.org\/{rel}","templated":true}]}}