{"id":186,"date":"2016-07-26T07:36:46","date_gmt":"2016-07-26T06:36:46","guid":{"rendered":"http:\/\/frequence-sille.org\/newsite\/?page_id=186"},"modified":"2021-09-08T17:38:39","modified_gmt":"2021-09-08T16:38:39","slug":"cooperation","status":"publish","type":"page","link":"https:\/\/frequence-sille.org\/newsite\/nos-services\/cooperation\/","title":{"rendered":"Coop\u00e9ration"},"content":{"rendered":"<p>Depuis 1998, Fr\u00e9quence Sill\u00e9 est impliqu\u00e9e dans des actions de coop\u00e9ration internationale. C&rsquo;est l&rsquo;ann\u00e9e o\u00f9 elle a adh\u00e9r\u00e9 \u00e0 l&rsquo;AMARC en assistant \u00e0 l&rsquo;Assembl\u00e9e mondiale de Milan.<\/p>\n<p>C&rsquo;est l&rsquo;\u00e9poque o\u00f9 des premi\u00e8res actions europ\u00e9ennes ont \u00e9t\u00e9 lanc\u00e9es en lien avec le territoire de Wiltz (Luxembourg) et plus particuli\u00e8rement Radio LNW. Dans la foul\u00e9e, plusieurs projets europ\u00e9ens \u00e9ducatifs (Comenius) ont \u00e9t\u00e9 men\u00e9s avec par exemple la r\u00e9alisation de grands multiplexes multilingues r\u00e9unissant jusqu\u2019\u00e0 18 partenaires sur 13 pays, par la voix de coll\u00e9giens et lyc\u00e9ens.<\/p>\n<p style=\"text-align: center;\"><img loading=\"lazy\" decoding=\"async\" class=\"alignnone size-medium wp-image-503\" src=\"http:\/\/frequence-sille.org\/newsite\/wp-content\/uploads\/2016\/07\/avec-jeunes-ivoiriennes-300x205.jpg\" alt=\"avec jeunes ivoiriennes\" width=\"300\" height=\"205\" srcset=\"https:\/\/frequence-sille.org\/newsite\/wp-content\/uploads\/2016\/07\/avec-jeunes-ivoiriennes-300x205.jpg 300w, https:\/\/frequence-sille.org\/newsite\/wp-content\/uploads\/2016\/07\/avec-jeunes-ivoiriennes-768x526.jpg 768w, https:\/\/frequence-sille.org\/newsite\/wp-content\/uploads\/2016\/07\/avec-jeunes-ivoiriennes-130x90.jpg 130w, https:\/\/frequence-sille.org\/newsite\/wp-content\/uploads\/2016\/07\/avec-jeunes-ivoiriennes.jpg 960w\" sizes=\"auto, (max-width: 300px) 100vw, 300px\" \/><\/p>\n<p>En 2001, Fr\u00e9quence Sill\u00e9 a organis\u00e9 et accueilli la rencontre francophone \u00ab\u00a0Radio et \u00e9ducation\u00a0\u00bb qui a regroup\u00e9 plus de 100 participants venus de plus de 20 pays, principalement d\u2019Afrique. Dans cette op\u00e9ration, en dehors du colloque lui-m\u00eame, des stagiaires ont \u00e9t\u00e9 accueillis dans plusieurs radios fran\u00e7aises, et r\u00e9ciproquement, des stagiaires fran\u00e7ais se sont rendus dans les radios des stagiaires qu&rsquo;ils avaient accueillis. Par la suite, derri\u00e8re le nom de Sill\u00e9 Le Guillaume, ce sont inscrites les rencontres de Montr\u00e9al, Dakar, Bamako et Mons. Diff\u00e9rents chantiers de travail en commun ont d\u00e9coul\u00e9 de ces rencontres au niveau de l&rsquo;espace francophone.<\/p>\n<p style=\"text-align: center;\"><img loading=\"lazy\" decoding=\"async\" class=\"alignnone size-medium wp-image-504\" src=\"http:\/\/frequence-sille.org\/newsite\/wp-content\/uploads\/2016\/07\/emission-a-ccib-fm-300x225.jpg\" alt=\"emission a ccib fm\" width=\"300\" height=\"225\" srcset=\"https:\/\/frequence-sille.org\/newsite\/wp-content\/uploads\/2016\/07\/emission-a-ccib-fm-300x225.jpg 300w, https:\/\/frequence-sille.org\/newsite\/wp-content\/uploads\/2016\/07\/emission-a-ccib-fm-768x576.jpg 768w, https:\/\/frequence-sille.org\/newsite\/wp-content\/uploads\/2016\/07\/emission-a-ccib-fm.jpg 1024w\" sizes=\"auto, (max-width: 300px) 100vw, 300px\" \/><\/p>\n<p>Fr\u00e9quence Sill\u00e9 a \u00e9t\u00e9 impliqu\u00e9e comme coordinateur, partenaire, expert, \u00e9valuateur dans des projets europ\u00e9ens concernant l&rsquo;\u00e9ducation \u00ab\u00a0tout au long de la vie\u00a0\u00bb :<\/p>\n<ul>\n<li>Leonardo REQ : cr\u00e9ation d&rsquo;un r\u00e9f\u00e9rentiel-m\u00e9tier europ\u00e9en pour les radios associatives<\/li>\n<li>Leonardo COMEPEC : cr\u00e9ation d&rsquo;un r\u00e9f\u00e9rentiel de formation<\/li>\n<li>Grundtvig Forma Radio For Me : cr\u00e9ation d&rsquo;un livret europ\u00e9en de comp\u00e9tences pour les b\u00e9n\u00e9voles des radios associatives<\/li>\n<li>Erasmus + EuRevalRadio : crit\u00e8res et indicateurs qualitatifs communs ou sp\u00e9cifiques selon les typologie des radios<\/li>\n<\/ul>\n<p>Sur ces 4 projets, nous avons collabor\u00e9 globalement avec plus de 30 partenaires diff\u00e9rents.<\/p>\n<p>Avec l\u2019Afrique, des actions particuli\u00e8res ont \u00e9t\u00e9 men\u00e9es avec le S\u00e9n\u00e9gal, le Mali, le Burkina Faso, le Gabon, l&rsquo;Alg\u00e9rie, et une action exceptionnelle plus r\u00e9cente sur une forte implication de jeunes avec le Burundi.<\/p>\n<p style=\"text-align: center;\"><img loading=\"lazy\" decoding=\"async\" class=\"alignnone size-medium wp-image-506\" src=\"http:\/\/frequence-sille.org\/newsite\/wp-content\/uploads\/2016\/07\/intervention-accra-1-300x186.jpg\" alt=\"intervention accra\" width=\"300\" height=\"186\" srcset=\"https:\/\/frequence-sille.org\/newsite\/wp-content\/uploads\/2016\/07\/intervention-accra-1-300x186.jpg 300w, https:\/\/frequence-sille.org\/newsite\/wp-content\/uploads\/2016\/07\/intervention-accra-1-768x476.jpg 768w, https:\/\/frequence-sille.org\/newsite\/wp-content\/uploads\/2016\/07\/intervention-accra-1.jpg 960w\" sizes=\"auto, (max-width: 300px) 100vw, 300px\" \/><\/p>\n<p>Eric Lucas est membre du conseil d\u2019administration de l&rsquo;AMARC Europe et D\u00e9l\u00e9gu\u00e9 national \u00e0 l&rsquo;Education et Coop\u00e9ration au SNRL. Fr\u00e9quence Sill\u00e9 avec la d\u00e9l\u00e9gation fran\u00e7aise du SNRL \u00e9tait repr\u00e9sent\u00e9e aux assembl\u00e9es mondiales de l&rsquo;AMARC \u00e0 Amman (2006), Buenos Aires (2010), Accra (2015).<\/p>\n<p>Les liens ci-dessous donnent acc\u00e8s en partie \u00e0 l&rsquo;historique de ces actions internationales.<\/p>\n<p><a href=\"http:\/\/frequence-sille.org\/cooperation\/\" target=\"_blank\" rel=\"noopener noreferrer\"><img loading=\"lazy\" decoding=\"async\" class=\"wp-image-417 size-medium aligncenter\" src=\"http:\/\/frequence-sille.org\/newsite\/wp-content\/uploads\/2016\/07\/cooperation-300x44.jpg\" alt=\"cooperation\" width=\"300\" height=\"44\" srcset=\"https:\/\/frequence-sille.org\/newsite\/wp-content\/uploads\/2016\/07\/cooperation-300x44.jpg 300w, https:\/\/frequence-sille.org\/newsite\/wp-content\/uploads\/2016\/07\/cooperation-768x112.jpg 768w, https:\/\/frequence-sille.org\/newsite\/wp-content\/uploads\/2016\/07\/cooperation.jpg 990w\" sizes=\"auto, (max-width: 300px) 100vw, 300px\" \/><\/a><\/p>\n","protected":false},"excerpt":{"rendered":"<p>Depuis 1998, Fr\u00e9quence Sill\u00e9 est impliqu\u00e9e dans des actions de coop\u00e9ration internationale. C&rsquo;est l&rsquo;ann\u00e9e o\u00f9 elle a adh\u00e9r\u00e9 \u00e0 l&rsquo;AMARC en assistant \u00e0 l&rsquo;Assembl\u00e9e mondiale de Milan. C&rsquo;est l&rsquo;\u00e9poque o\u00f9&hellip;<\/p>\n","protected":false},"author":1,"featured_media":0,"parent":166,"menu_order":172,"comment_status":"closed","ping_status":"closed","template":"","meta":{"footnotes":""},"class_list":["post-186","page","type-page","status-publish","hentry","no-post-thumbnail"],"yoast_head":"<!-- This site is optimized with the Yoast SEO plugin v27.4 - https:\/\/yoast.com\/product\/yoast-seo-wordpress\/ -->\n<title>Coop\u00e9ration - Fr\u00e9quence Sill\u00e9<\/title>\n<meta name=\"robots\" content=\"index, follow, max-snippet:-1, max-image-preview:large, max-video-preview:-1\" \/>\n<link rel=\"canonical\" href=\"https:\/\/frequence-sille.org\/newsite\/nos-services\/cooperation\/\" \/>\n<meta property=\"og:locale\" content=\"fr_FR\" \/>\n<meta property=\"og:type\" content=\"article\" \/>\n<meta property=\"og:title\" content=\"Coop\u00e9ration - Fr\u00e9quence Sill\u00e9\" \/>\n<meta property=\"og:description\" content=\"Depuis 1998, Fr\u00e9quence Sill\u00e9 est impliqu\u00e9e dans des actions de coop\u00e9ration internationale. C&rsquo;est l&rsquo;ann\u00e9e o\u00f9 elle a adh\u00e9r\u00e9 \u00e0 l&rsquo;AMARC en assistant \u00e0 l&rsquo;Assembl\u00e9e mondiale de Milan. C&rsquo;est l&rsquo;\u00e9poque o\u00f9&hellip;\" \/>\n<meta property=\"og:url\" content=\"https:\/\/frequence-sille.org\/newsite\/nos-services\/cooperation\/\" \/>\n<meta property=\"og:site_name\" content=\"Fr\u00e9quence Sill\u00e9\" \/>\n<meta property=\"article:publisher\" content=\"https:\/\/www.facebook.com\/frequencesille979fm\" \/>\n<meta property=\"article:modified_time\" content=\"2021-09-08T16:38:39+00:00\" \/>\n<meta property=\"og:image\" content=\"http:\/\/frequence-sille.org\/newsite\/wp-content\/uploads\/2016\/07\/avec-jeunes-ivoiriennes-300x205.jpg\" \/>\n<meta name=\"twitter:card\" content=\"summary_large_image\" \/>\n<meta name=\"twitter:site\" content=\"@freqsille979\" \/>\n<meta name=\"twitter:label1\" content=\"Dur\u00e9e de lecture estim\u00e9e\" \/>\n\t<meta name=\"twitter:data1\" content=\"2 minutes\" \/>\n<script type=\"application\/ld+json\" class=\"yoast-schema-graph\">{\"@context\":\"https:\\\/\\\/schema.org\",\"@graph\":[{\"@type\":\"WebPage\",\"@id\":\"https:\\\/\\\/frequence-sille.org\\\/newsite\\\/nos-services\\\/cooperation\\\/\",\"url\":\"https:\\\/\\\/frequence-sille.org\\\/newsite\\\/nos-services\\\/cooperation\\\/\",\"name\":\"Coop\u00e9ration - Fr\u00e9quence Sill\u00e9\",\"isPartOf\":{\"@id\":\"https:\\\/\\\/frequence-sille.org\\\/newsite\\\/#website\"},\"primaryImageOfPage\":{\"@id\":\"https:\\\/\\\/frequence-sille.org\\\/newsite\\\/nos-services\\\/cooperation\\\/#primaryimage\"},\"image\":{\"@id\":\"https:\\\/\\\/frequence-sille.org\\\/newsite\\\/nos-services\\\/cooperation\\\/#primaryimage\"},\"thumbnailUrl\":\"http:\\\/\\\/frequence-sille.org\\\/newsite\\\/wp-content\\\/uploads\\\/2016\\\/07\\\/avec-jeunes-ivoiriennes-300x205.jpg\",\"datePublished\":\"2016-07-26T06:36:46+00:00\",\"dateModified\":\"2021-09-08T16:38:39+00:00\",\"breadcrumb\":{\"@id\":\"https:\\\/\\\/frequence-sille.org\\\/newsite\\\/nos-services\\\/cooperation\\\/#breadcrumb\"},\"inLanguage\":\"fr-FR\",\"potentialAction\":[{\"@type\":\"ReadAction\",\"target\":[\"https:\\\/\\\/frequence-sille.org\\\/newsite\\\/nos-services\\\/cooperation\\\/\"]}]},{\"@type\":\"ImageObject\",\"inLanguage\":\"fr-FR\",\"@id\":\"https:\\\/\\\/frequence-sille.org\\\/newsite\\\/nos-services\\\/cooperation\\\/#primaryimage\",\"url\":\"https:\\\/\\\/frequence-sille.org\\\/newsite\\\/wp-content\\\/uploads\\\/2016\\\/07\\\/avec-jeunes-ivoiriennes.jpg\",\"contentUrl\":\"https:\\\/\\\/frequence-sille.org\\\/newsite\\\/wp-content\\\/uploads\\\/2016\\\/07\\\/avec-jeunes-ivoiriennes.jpg\",\"width\":960,\"height\":657},{\"@type\":\"BreadcrumbList\",\"@id\":\"https:\\\/\\\/frequence-sille.org\\\/newsite\\\/nos-services\\\/cooperation\\\/#breadcrumb\",\"itemListElement\":[{\"@type\":\"ListItem\",\"position\":1,\"name\":\"Accueil\",\"item\":\"https:\\\/\\\/frequence-sille.org\\\/newsite\\\/\"},{\"@type\":\"ListItem\",\"position\":2,\"name\":\"Nos services\",\"item\":\"https:\\\/\\\/frequence-sille.org\\\/newsite\\\/nos-services\\\/\"},{\"@type\":\"ListItem\",\"position\":3,\"name\":\"Coop\u00e9ration\"}]},{\"@type\":\"WebSite\",\"@id\":\"https:\\\/\\\/frequence-sille.org\\\/newsite\\\/#website\",\"url\":\"https:\\\/\\\/frequence-sille.org\\\/newsite\\\/\",\"name\":\"Fr\u00e9quence Sill\u00e9\",\"description\":\"Bien plus qu&#039;une radio...votre radio !\",\"publisher\":{\"@id\":\"https:\\\/\\\/frequence-sille.org\\\/newsite\\\/#organization\"},\"potentialAction\":[{\"@type\":\"SearchAction\",\"target\":{\"@type\":\"EntryPoint\",\"urlTemplate\":\"https:\\\/\\\/frequence-sille.org\\\/newsite\\\/?s={search_term_string}\"},\"query-input\":{\"@type\":\"PropertyValueSpecification\",\"valueRequired\":true,\"valueName\":\"search_term_string\"}}],\"inLanguage\":\"fr-FR\"},{\"@type\":\"Organization\",\"@id\":\"https:\\\/\\\/frequence-sille.org\\\/newsite\\\/#organization\",\"name\":\"Fr\u00e9quence Sill\u00e9\",\"url\":\"https:\\\/\\\/frequence-sille.org\\\/newsite\\\/\",\"logo\":{\"@type\":\"ImageObject\",\"inLanguage\":\"fr-FR\",\"@id\":\"https:\\\/\\\/frequence-sille.org\\\/newsite\\\/#\\\/schema\\\/logo\\\/image\\\/\",\"url\":\"https:\\\/\\\/frequence-sille.org\\\/newsite\\\/wp-content\\\/uploads\\\/2023\\\/07\\\/LOGO_979_NOIR.png\",\"contentUrl\":\"https:\\\/\\\/frequence-sille.org\\\/newsite\\\/wp-content\\\/uploads\\\/2023\\\/07\\\/LOGO_979_NOIR.png\",\"width\":7680,\"height\":4320,\"caption\":\"Fr\u00e9quence Sill\u00e9\"},\"image\":{\"@id\":\"https:\\\/\\\/frequence-sille.org\\\/newsite\\\/#\\\/schema\\\/logo\\\/image\\\/\"},\"sameAs\":[\"https:\\\/\\\/www.facebook.com\\\/frequencesille979fm\",\"https:\\\/\\\/x.com\\\/freqsille979\",\"https:\\\/\\\/www.instagram.com\\\/frequencesille\\\/\"]}]}<\/script>\n<!-- \/ Yoast SEO plugin. -->","yoast_head_json":{"title":"Coop\u00e9ration - Fr\u00e9quence Sill\u00e9","robots":{"index":"index","follow":"follow","max-snippet":"max-snippet:-1","max-image-preview":"max-image-preview:large","max-video-preview":"max-video-preview:-1"},"canonical":"https:\/\/frequence-sille.org\/newsite\/nos-services\/cooperation\/","og_locale":"fr_FR","og_type":"article","og_title":"Coop\u00e9ration - Fr\u00e9quence Sill\u00e9","og_description":"Depuis 1998, Fr\u00e9quence Sill\u00e9 est impliqu\u00e9e dans des actions de coop\u00e9ration internationale. C&rsquo;est l&rsquo;ann\u00e9e o\u00f9 elle a adh\u00e9r\u00e9 \u00e0 l&rsquo;AMARC en assistant \u00e0 l&rsquo;Assembl\u00e9e mondiale de Milan. C&rsquo;est l&rsquo;\u00e9poque o\u00f9&hellip;","og_url":"https:\/\/frequence-sille.org\/newsite\/nos-services\/cooperation\/","og_site_name":"Fr\u00e9quence Sill\u00e9","article_publisher":"https:\/\/www.facebook.com\/frequencesille979fm","article_modified_time":"2021-09-08T16:38:39+00:00","og_image":[{"url":"http:\/\/frequence-sille.org\/newsite\/wp-content\/uploads\/2016\/07\/avec-jeunes-ivoiriennes-300x205.jpg","type":"","width":"","height":""}],"twitter_card":"summary_large_image","twitter_site":"@freqsille979","twitter_misc":{"Dur\u00e9e de lecture estim\u00e9e":"2 minutes"},"schema":{"@context":"https:\/\/schema.org","@graph":[{"@type":"WebPage","@id":"https:\/\/frequence-sille.org\/newsite\/nos-services\/cooperation\/","url":"https:\/\/frequence-sille.org\/newsite\/nos-services\/cooperation\/","name":"Coop\u00e9ration - Fr\u00e9quence Sill\u00e9","isPartOf":{"@id":"https:\/\/frequence-sille.org\/newsite\/#website"},"primaryImageOfPage":{"@id":"https:\/\/frequence-sille.org\/newsite\/nos-services\/cooperation\/#primaryimage"},"image":{"@id":"https:\/\/frequence-sille.org\/newsite\/nos-services\/cooperation\/#primaryimage"},"thumbnailUrl":"http:\/\/frequence-sille.org\/newsite\/wp-content\/uploads\/2016\/07\/avec-jeunes-ivoiriennes-300x205.jpg","datePublished":"2016-07-26T06:36:46+00:00","dateModified":"2021-09-08T16:38:39+00:00","breadcrumb":{"@id":"https:\/\/frequence-sille.org\/newsite\/nos-services\/cooperation\/#breadcrumb"},"inLanguage":"fr-FR","potentialAction":[{"@type":"ReadAction","target":["https:\/\/frequence-sille.org\/newsite\/nos-services\/cooperation\/"]}]},{"@type":"ImageObject","inLanguage":"fr-FR","@id":"https:\/\/frequence-sille.org\/newsite\/nos-services\/cooperation\/#primaryimage","url":"https:\/\/frequence-sille.org\/newsite\/wp-content\/uploads\/2016\/07\/avec-jeunes-ivoiriennes.jpg","contentUrl":"https:\/\/frequence-sille.org\/newsite\/wp-content\/uploads\/2016\/07\/avec-jeunes-ivoiriennes.jpg","width":960,"height":657},{"@type":"BreadcrumbList","@id":"https:\/\/frequence-sille.org\/newsite\/nos-services\/cooperation\/#breadcrumb","itemListElement":[{"@type":"ListItem","position":1,"name":"Accueil","item":"https:\/\/frequence-sille.org\/newsite\/"},{"@type":"ListItem","position":2,"name":"Nos services","item":"https:\/\/frequence-sille.org\/newsite\/nos-services\/"},{"@type":"ListItem","position":3,"name":"Coop\u00e9ration"}]},{"@type":"WebSite","@id":"https:\/\/frequence-sille.org\/newsite\/#website","url":"https:\/\/frequence-sille.org\/newsite\/","name":"Fr\u00e9quence Sill\u00e9","description":"Bien plus qu&#039;une radio...votre radio !","publisher":{"@id":"https:\/\/frequence-sille.org\/newsite\/#organization"},"potentialAction":[{"@type":"SearchAction","target":{"@type":"EntryPoint","urlTemplate":"https:\/\/frequence-sille.org\/newsite\/?s={search_term_string}"},"query-input":{"@type":"PropertyValueSpecification","valueRequired":true,"valueName":"search_term_string"}}],"inLanguage":"fr-FR"},{"@type":"Organization","@id":"https:\/\/frequence-sille.org\/newsite\/#organization","name":"Fr\u00e9quence Sill\u00e9","url":"https:\/\/frequence-sille.org\/newsite\/","logo":{"@type":"ImageObject","inLanguage":"fr-FR","@id":"https:\/\/frequence-sille.org\/newsite\/#\/schema\/logo\/image\/","url":"https:\/\/frequence-sille.org\/newsite\/wp-content\/uploads\/2023\/07\/LOGO_979_NOIR.png","contentUrl":"https:\/\/frequence-sille.org\/newsite\/wp-content\/uploads\/2023\/07\/LOGO_979_NOIR.png","width":7680,"height":4320,"caption":"Fr\u00e9quence Sill\u00e9"},"image":{"@id":"https:\/\/frequence-sille.org\/newsite\/#\/schema\/logo\/image\/"},"sameAs":["https:\/\/www.facebook.com\/frequencesille979fm","https:\/\/x.com\/freqsille979","https:\/\/www.instagram.com\/frequencesille\/"]}]}},"_links":{"self":[{"href":"https:\/\/frequence-sille.org\/newsite\/wp-json\/wp\/v2\/pages\/186","targetHints":{"allow":["GET"]}}],"collection":[{"href":"https:\/\/frequence-sille.org\/newsite\/wp-json\/wp\/v2\/pages"}],"about":[{"href":"https:\/\/frequence-sille.org\/newsite\/wp-json\/wp\/v2\/types\/page"}],"author":[{"embeddable":true,"href":"https:\/\/frequence-sille.org\/newsite\/wp-json\/wp\/v2\/users\/1"}],"replies":[{"embeddable":true,"href":"https:\/\/frequence-sille.org\/newsite\/wp-json\/wp\/v2\/comments?post=186"}],"version-history":[{"count":14,"href":"https:\/\/frequence-sille.org\/newsite\/wp-json\/wp\/v2\/pages\/186\/revisions"}],"predecessor-version":[{"id":5553,"href":"https:\/\/frequence-sille.org\/newsite\/wp-json\/wp\/v2\/pages\/186\/revisions\/5553"}],"up":[{"embeddable":true,"href":"https:\/\/frequence-sille.org\/newsite\/wp-json\/wp\/v2\/pages\/166"}],"wp:attachment":[{"href":"https:\/\/frequence-sille.org\/newsite\/wp-json\/wp\/v2\/media?parent=186"}],"curies":[{"name":"wp","href":"https:\/\/api.w.org\/{rel}","templated":true}]}}