{"id":2949,"date":"2017-06-02T08:42:19","date_gmt":"2017-06-02T07:42:19","guid":{"rendered":"http:\/\/frequence-sille.org\/newsite\/?page_id=2949"},"modified":"2022-12-07T14:28:55","modified_gmt":"2022-12-07T13:28:55","slug":"elections-legislatives-2017","status":"publish","type":"page","link":"https:\/\/frequence-sille.org\/newsite\/les-evenements\/elections-legislatives-2017\/","title":{"rendered":"\u00c9lections l\u00e9gislatives 2017"},"content":{"rendered":"\n<p><strong>Elections l\u00e9gislatives: 1 \u00e8re circonscription de la Sarthe<\/strong><\/p>\n\n\n\n<iframe loading=\"lazy\" scrolling=\"no\" id=\"hearthis_at_track_1336757\" width=\"100%\" height=\"150\" src=\"https:\/\/app.hearthis.at\/embed\/1336757\/transparent_black\/?hcolor=&#038;color=&#038;style=2&#038;block_size=2&#038;block_space=1&#038;background=1&#038;waveform=0&#038;cover=0&#038;autoplay=0&#038;css=\" frameborder=\"0\" allowtransparency allow=\"autoplay\"><p>Listen to <a href=\"https:\/\/hearthis.at\/frequence-sille\/promo-legislatives-2017\/\" target=\"_blank\" rel=\"noopener\"> Legislatives 2017 &#8211; D\u00e9bat Fr\u00e9quence Sill\u00e9<\/a> <span>by<\/span><a href=\"https:\/\/hearthis.at\/frequence-sille\/\" target=\"_blank\" rel=\"noopener\">Frequence Sill\u00e9<\/a> <span>on<\/span> <a href=\"https:\/\/hearthis.at\/\" target=\"_blank\" rel=\"noopener\">hearthis.at<\/a><\/p><\/iframe>\n\n\n\n<p>14 candidats sollicitent les suffrages des habitants du Mans nord et ouest et de la zone rurale, Conlie, Sill\u00e9 le Guillaume, Fresnay sur Sarthe, Beaumont sur Sarthe, Saint Paterne<\/p>\n\n\n\n<p>La d\u00e9put\u00e9e sortante est Fran\u00e7oise Dubois, Parti Socialiste.<\/p>\n\n\n\n<p>Le premier tour \u00e0 lieu le 11 juin et le 2\u00e8me tour le 18 juin<\/p>\n\n\n\n<p>Fr\u00e9quence-Sill\u00e9 dans sa mission de radio locale de communication sociale de proximit\u00e9, attach\u00e9e \u00e0 l&rsquo;engagement citoyen, appelle l&rsquo;ensemble des \u00e9lecteurs \u00e0 se d\u00e9placer car le vote est un geste capital dans une d\u00e9mocratie.<\/p>\n\n\n\n<p><strong>Fr\u00e9quence-Sill\u00e9 a invit\u00e9 tous les candidats \u00e0 s&rsquo;exprimer sur son antenne:<\/strong><\/p>\n\n\n\n<p>Le lundi 29 juin un d\u00e9bat de deux heures, confi\u00e9 int\u00e9gralement \u00e0 des lyc\u00e9ens et lyc\u00e9ennes de la cit\u00e9 scolaire Paul Scarron, a permis \u00e0 Philippe Cordier (Debout la France), Fran\u00e7oise Dubois (Parti socialiste), G\u00e9rard Galpin (les r\u00e9publicains, suppl\u00e9ant de Christelle Moran\u00e7ais) , Loic Morisot (La France insoumise), Damien Pichereau (R\u00e9publique en Marche) de confronter leurs points de vue.<\/p>\n\n\n\n<iframe loading=\"lazy\" scrolling=\"no\" id=\"hearthis_at_track_1351360\" width=\"100%\" height=\"150\" src=\"https:\/\/app.hearthis.at\/embed\/1351360\/transparent_black\/?hcolor=&#038;color=&#038;style=2&#038;block_size=2&#038;block_space=1&#038;background=1&#038;waveform=0&#038;cover=0&#038;autoplay=0&#038;css=\" frameborder=\"0\" allowtransparency allow=\"autoplay\"><p>Listen to <a href=\"https:\/\/hearthis.at\/frequence-sille\/dbat-legislatives-full-pad\/\" target=\"_blank\" rel=\"noopener\">D\u00e9bat L\u00e9gislatives &#8211; partie 1 et 2<\/a> <span>by<\/span><a href=\"https:\/\/hearthis.at\/frequence-sille\/\" target=\"_blank\" rel=\"noopener\">Frequence Sill\u00e9<\/a> <span>on<\/span> <a href=\"https:\/\/hearthis.at\/\" target=\"_blank\" rel=\"noopener\">hearthis.at<\/a><\/p><\/iframe>\n\n\n\n<p>Les autres candidats ont pu r\u00e9pondre \u00e0 nos questions lors d&rsquo;un entretien individuel de 20 minutes diffus\u00e9 deux fois entre le vendredi 2 juin et le vendredi 9 juin.<\/p>\n\n\n\n<p>D\u00e9bat 1\u00e9re partie : Education, emploi, culture, ruralit\u00e9 du d\u00e9but \u00e0 1h10<\/p>\n\n\n\n<p>D\u00e9bat 2\u00e9me partie : S\u00e9curit\u00e9 publique, Europe, enjeux \u00e9cologiques de 1h13 \u00e0 Fin.<\/p>\n\n\n\n<iframe loading=\"lazy\" scrolling=\"no\" id=\"hearthis_at_user_63487-8445500\" width=\"100%\" height=\"350\" src=\"https:\/\/hearthis.at\/set\/63487-8445500\/embed\/\" frameborder=\"0\" allowtransparency allow=\"autoplay\"><\/iframe>\n","protected":false},"excerpt":{"rendered":"<p>Elections l\u00e9gislatives: 1 \u00e8re circonscription de la Sarthe Listen to Legislatives 2017 &#8211; D\u00e9bat Fr\u00e9quence Sill\u00e9 byFrequence Sill\u00e9 on hearthis.at 14 candidats sollicitent les suffrages des habitants du Mans nord&hellip;<\/p>\n","protected":false},"author":1,"featured_media":0,"parent":30,"menu_order":151,"comment_status":"closed","ping_status":"closed","template":"","meta":{"footnotes":""},"class_list":["post-2949","page","type-page","status-publish","hentry","no-post-thumbnail"],"yoast_head":"<!-- This site is optimized with the Yoast SEO plugin v27.3 - https:\/\/yoast.com\/product\/yoast-seo-wordpress\/ -->\n<title>\u00c9lections l\u00e9gislatives 2017 - Fr\u00e9quence Sill\u00e9<\/title>\n<meta name=\"robots\" content=\"index, follow, max-snippet:-1, max-image-preview:large, max-video-preview:-1\" \/>\n<link rel=\"canonical\" href=\"https:\/\/frequence-sille.org\/newsite\/les-evenements\/elections-legislatives-2017\/\" \/>\n<meta property=\"og:locale\" content=\"fr_FR\" \/>\n<meta property=\"og:type\" content=\"article\" \/>\n<meta property=\"og:title\" content=\"\u00c9lections l\u00e9gislatives 2017 - Fr\u00e9quence Sill\u00e9\" \/>\n<meta property=\"og:description\" content=\"Elections l\u00e9gislatives: 1 \u00e8re circonscription de la Sarthe Listen to Legislatives 2017 &#8211; D\u00e9bat Fr\u00e9quence Sill\u00e9 byFrequence Sill\u00e9 on hearthis.at 14 candidats sollicitent les suffrages des habitants du Mans nord&hellip;\" \/>\n<meta property=\"og:url\" content=\"https:\/\/frequence-sille.org\/newsite\/les-evenements\/elections-legislatives-2017\/\" \/>\n<meta property=\"og:site_name\" content=\"Fr\u00e9quence Sill\u00e9\" \/>\n<meta property=\"article:publisher\" content=\"https:\/\/www.facebook.com\/frequencesille979fm\" \/>\n<meta property=\"article:modified_time\" content=\"2022-12-07T13:28:55+00:00\" \/>\n<meta name=\"twitter:card\" content=\"summary_large_image\" \/>\n<meta name=\"twitter:site\" content=\"@freqsille979\" \/>\n<meta name=\"twitter:label1\" content=\"Dur\u00e9e de lecture estim\u00e9e\" \/>\n\t<meta name=\"twitter:data1\" content=\"1 minute\" \/>\n<script type=\"application\/ld+json\" class=\"yoast-schema-graph\">{\"@context\":\"https:\\\/\\\/schema.org\",\"@graph\":[{\"@type\":\"WebPage\",\"@id\":\"https:\\\/\\\/frequence-sille.org\\\/newsite\\\/les-evenements\\\/elections-legislatives-2017\\\/\",\"url\":\"https:\\\/\\\/frequence-sille.org\\\/newsite\\\/les-evenements\\\/elections-legislatives-2017\\\/\",\"name\":\"\u00c9lections l\u00e9gislatives 2017 - Fr\u00e9quence Sill\u00e9\",\"isPartOf\":{\"@id\":\"https:\\\/\\\/frequence-sille.org\\\/newsite\\\/#website\"},\"datePublished\":\"2017-06-02T07:42:19+00:00\",\"dateModified\":\"2022-12-07T13:28:55+00:00\",\"breadcrumb\":{\"@id\":\"https:\\\/\\\/frequence-sille.org\\\/newsite\\\/les-evenements\\\/elections-legislatives-2017\\\/#breadcrumb\"},\"inLanguage\":\"fr-FR\",\"potentialAction\":[{\"@type\":\"ReadAction\",\"target\":[\"https:\\\/\\\/frequence-sille.org\\\/newsite\\\/les-evenements\\\/elections-legislatives-2017\\\/\"]}]},{\"@type\":\"BreadcrumbList\",\"@id\":\"https:\\\/\\\/frequence-sille.org\\\/newsite\\\/les-evenements\\\/elections-legislatives-2017\\\/#breadcrumb\",\"itemListElement\":[{\"@type\":\"ListItem\",\"position\":1,\"name\":\"Accueil\",\"item\":\"https:\\\/\\\/frequence-sille.org\\\/newsite\\\/\"},{\"@type\":\"ListItem\",\"position\":2,\"name\":\"Les \u00e9v\u00e9nements\",\"item\":\"https:\\\/\\\/frequence-sille.org\\\/newsite\\\/les-evenements\\\/\"},{\"@type\":\"ListItem\",\"position\":3,\"name\":\"\u00c9lections l\u00e9gislatives 2017\"}]},{\"@type\":\"WebSite\",\"@id\":\"https:\\\/\\\/frequence-sille.org\\\/newsite\\\/#website\",\"url\":\"https:\\\/\\\/frequence-sille.org\\\/newsite\\\/\",\"name\":\"Fr\u00e9quence Sill\u00e9\",\"description\":\"Bien plus qu&#039;une radio...votre radio !\",\"publisher\":{\"@id\":\"https:\\\/\\\/frequence-sille.org\\\/newsite\\\/#organization\"},\"potentialAction\":[{\"@type\":\"SearchAction\",\"target\":{\"@type\":\"EntryPoint\",\"urlTemplate\":\"https:\\\/\\\/frequence-sille.org\\\/newsite\\\/?s={search_term_string}\"},\"query-input\":{\"@type\":\"PropertyValueSpecification\",\"valueRequired\":true,\"valueName\":\"search_term_string\"}}],\"inLanguage\":\"fr-FR\"},{\"@type\":\"Organization\",\"@id\":\"https:\\\/\\\/frequence-sille.org\\\/newsite\\\/#organization\",\"name\":\"Fr\u00e9quence Sill\u00e9\",\"url\":\"https:\\\/\\\/frequence-sille.org\\\/newsite\\\/\",\"logo\":{\"@type\":\"ImageObject\",\"inLanguage\":\"fr-FR\",\"@id\":\"https:\\\/\\\/frequence-sille.org\\\/newsite\\\/#\\\/schema\\\/logo\\\/image\\\/\",\"url\":\"https:\\\/\\\/frequence-sille.org\\\/newsite\\\/wp-content\\\/uploads\\\/2023\\\/07\\\/LOGO_979_NOIR.png\",\"contentUrl\":\"https:\\\/\\\/frequence-sille.org\\\/newsite\\\/wp-content\\\/uploads\\\/2023\\\/07\\\/LOGO_979_NOIR.png\",\"width\":7680,\"height\":4320,\"caption\":\"Fr\u00e9quence Sill\u00e9\"},\"image\":{\"@id\":\"https:\\\/\\\/frequence-sille.org\\\/newsite\\\/#\\\/schema\\\/logo\\\/image\\\/\"},\"sameAs\":[\"https:\\\/\\\/www.facebook.com\\\/frequencesille979fm\",\"https:\\\/\\\/x.com\\\/freqsille979\",\"https:\\\/\\\/www.instagram.com\\\/frequencesille\\\/\"]}]}<\/script>\n<!-- \/ Yoast SEO plugin. -->","yoast_head_json":{"title":"\u00c9lections l\u00e9gislatives 2017 - Fr\u00e9quence Sill\u00e9","robots":{"index":"index","follow":"follow","max-snippet":"max-snippet:-1","max-image-preview":"max-image-preview:large","max-video-preview":"max-video-preview:-1"},"canonical":"https:\/\/frequence-sille.org\/newsite\/les-evenements\/elections-legislatives-2017\/","og_locale":"fr_FR","og_type":"article","og_title":"\u00c9lections l\u00e9gislatives 2017 - Fr\u00e9quence Sill\u00e9","og_description":"Elections l\u00e9gislatives: 1 \u00e8re circonscription de la Sarthe Listen to Legislatives 2017 &#8211; D\u00e9bat Fr\u00e9quence Sill\u00e9 byFrequence Sill\u00e9 on hearthis.at 14 candidats sollicitent les suffrages des habitants du Mans nord&hellip;","og_url":"https:\/\/frequence-sille.org\/newsite\/les-evenements\/elections-legislatives-2017\/","og_site_name":"Fr\u00e9quence Sill\u00e9","article_publisher":"https:\/\/www.facebook.com\/frequencesille979fm","article_modified_time":"2022-12-07T13:28:55+00:00","twitter_card":"summary_large_image","twitter_site":"@freqsille979","twitter_misc":{"Dur\u00e9e de lecture estim\u00e9e":"1 minute"},"schema":{"@context":"https:\/\/schema.org","@graph":[{"@type":"WebPage","@id":"https:\/\/frequence-sille.org\/newsite\/les-evenements\/elections-legislatives-2017\/","url":"https:\/\/frequence-sille.org\/newsite\/les-evenements\/elections-legislatives-2017\/","name":"\u00c9lections l\u00e9gislatives 2017 - Fr\u00e9quence Sill\u00e9","isPartOf":{"@id":"https:\/\/frequence-sille.org\/newsite\/#website"},"datePublished":"2017-06-02T07:42:19+00:00","dateModified":"2022-12-07T13:28:55+00:00","breadcrumb":{"@id":"https:\/\/frequence-sille.org\/newsite\/les-evenements\/elections-legislatives-2017\/#breadcrumb"},"inLanguage":"fr-FR","potentialAction":[{"@type":"ReadAction","target":["https:\/\/frequence-sille.org\/newsite\/les-evenements\/elections-legislatives-2017\/"]}]},{"@type":"BreadcrumbList","@id":"https:\/\/frequence-sille.org\/newsite\/les-evenements\/elections-legislatives-2017\/#breadcrumb","itemListElement":[{"@type":"ListItem","position":1,"name":"Accueil","item":"https:\/\/frequence-sille.org\/newsite\/"},{"@type":"ListItem","position":2,"name":"Les \u00e9v\u00e9nements","item":"https:\/\/frequence-sille.org\/newsite\/les-evenements\/"},{"@type":"ListItem","position":3,"name":"\u00c9lections l\u00e9gislatives 2017"}]},{"@type":"WebSite","@id":"https:\/\/frequence-sille.org\/newsite\/#website","url":"https:\/\/frequence-sille.org\/newsite\/","name":"Fr\u00e9quence Sill\u00e9","description":"Bien plus qu&#039;une radio...votre radio !","publisher":{"@id":"https:\/\/frequence-sille.org\/newsite\/#organization"},"potentialAction":[{"@type":"SearchAction","target":{"@type":"EntryPoint","urlTemplate":"https:\/\/frequence-sille.org\/newsite\/?s={search_term_string}"},"query-input":{"@type":"PropertyValueSpecification","valueRequired":true,"valueName":"search_term_string"}}],"inLanguage":"fr-FR"},{"@type":"Organization","@id":"https:\/\/frequence-sille.org\/newsite\/#organization","name":"Fr\u00e9quence Sill\u00e9","url":"https:\/\/frequence-sille.org\/newsite\/","logo":{"@type":"ImageObject","inLanguage":"fr-FR","@id":"https:\/\/frequence-sille.org\/newsite\/#\/schema\/logo\/image\/","url":"https:\/\/frequence-sille.org\/newsite\/wp-content\/uploads\/2023\/07\/LOGO_979_NOIR.png","contentUrl":"https:\/\/frequence-sille.org\/newsite\/wp-content\/uploads\/2023\/07\/LOGO_979_NOIR.png","width":7680,"height":4320,"caption":"Fr\u00e9quence Sill\u00e9"},"image":{"@id":"https:\/\/frequence-sille.org\/newsite\/#\/schema\/logo\/image\/"},"sameAs":["https:\/\/www.facebook.com\/frequencesille979fm","https:\/\/x.com\/freqsille979","https:\/\/www.instagram.com\/frequencesille\/"]}]}},"_links":{"self":[{"href":"https:\/\/frequence-sille.org\/newsite\/wp-json\/wp\/v2\/pages\/2949","targetHints":{"allow":["GET"]}}],"collection":[{"href":"https:\/\/frequence-sille.org\/newsite\/wp-json\/wp\/v2\/pages"}],"about":[{"href":"https:\/\/frequence-sille.org\/newsite\/wp-json\/wp\/v2\/types\/page"}],"author":[{"embeddable":true,"href":"https:\/\/frequence-sille.org\/newsite\/wp-json\/wp\/v2\/users\/1"}],"replies":[{"embeddable":true,"href":"https:\/\/frequence-sille.org\/newsite\/wp-json\/wp\/v2\/comments?post=2949"}],"version-history":[{"count":2,"href":"https:\/\/frequence-sille.org\/newsite\/wp-json\/wp\/v2\/pages\/2949\/revisions"}],"predecessor-version":[{"id":10407,"href":"https:\/\/frequence-sille.org\/newsite\/wp-json\/wp\/v2\/pages\/2949\/revisions\/10407"}],"up":[{"embeddable":true,"href":"https:\/\/frequence-sille.org\/newsite\/wp-json\/wp\/v2\/pages\/30"}],"wp:attachment":[{"href":"https:\/\/frequence-sille.org\/newsite\/wp-json\/wp\/v2\/media?parent=2949"}],"curies":[{"name":"wp","href":"https:\/\/api.w.org\/{rel}","templated":true}]}}