{"id":3210,"date":"2017-08-22T13:27:10","date_gmt":"2017-08-22T12:27:10","guid":{"rendered":"http:\/\/frequence-sille.org\/newsite\/?page_id=3210"},"modified":"2022-12-07T14:19:34","modified_gmt":"2022-12-07T13:19:34","slug":"comice-2017","status":"publish","type":"page","link":"https:\/\/frequence-sille.org\/newsite\/les-evenements\/comice-2017\/","title":{"rendered":"Comice 2017 &#8211; Mont St Jean"},"content":{"rendered":"\n<p><em>Durant la 154\u00e8me \u00e9dition de ce Comice, votre radio locale Fr\u00e9quence Sill\u00e9 se devait d&rsquo;\u00eatre sur les lieux afin de mettre en avant les exposants, artisans mais aussi les agriculteurs de votre r\u00e9gion. Nous avons pu recueillir plusieurs interviews et discours durant ces deux jours \u00e0 Mont Saint-Jean que vous allez pouvoir d\u00e9couvrir sans plus attendre.<\/em><\/p>\n\n\n\n<p><strong>Discours des \u00c9lus et du Pr\u00e9sident du Comice<\/strong><\/p>\n\n\n\n<p>La premi\u00e8re journ\u00e9e du Comice , Samedi, touchant \u00e0 sa fin, nous avons pu enregistrer les discours des \u00e9lus tel que le M LeFevre (Maire de Mont Saint Jean), R\u00e9mi Chaumont (Pr\u00e9sident du Comice), Monsieur Le Mener (Pr\u00e9sident du conseil d\u00e9partemental), la Sous Pr\u00e9f\u00e8te de Mamers Marie-Pervanche Plaza ainsi que la suppl\u00e9ante du d\u00e9put\u00e9 de M Pichereau: Madame Val\u00e9rie Camus. Nous avons \u00e9galement fait le bilan, dimanche soir, avec le Maire de Mont Saint-Jean: Monsieur LeFevre.<\/p>\n\n\n\n<iframe loading=\"lazy\" scrolling=\"no\" id=\"hearthis_at_user_75697-8445500\" width=\"100%\" height=\"350\" src=\"https:\/\/hearthis.at\/set\/75697-8445500\/embed\/\" frameborder=\"0\" allowtransparency allow=\"autoplay\"><\/iframe>\n\n\n\n<p><strong>Interviews de quelques agriculteurs durant la journ\u00e9e de Samedi<\/strong><\/p>\n\n\n\n<p>Quelques questions \u00e0 propos du monde de l&rsquo;agriculture, des produits pr\u00e9sent\u00e9s mais \u00e9galement du concours qui \u00e9tait \u00e0 l&rsquo;ordre du jours pour les agriculteurs ici \u00e0 Mont Saint-Jean.<\/p>\n\n\n\n<iframe loading=\"lazy\" scrolling=\"no\" id=\"hearthis_at_user_75695-8445500\" width=\"100%\" height=\"350\" src=\"https:\/\/hearthis.at\/set\/75695-8445500\/embed\/\" frameborder=\"0\" allowtransparency allow=\"autoplay\"><\/iframe>\n\n\n\n<p><strong>Interviews des commer\u00e7ants, exposants, et artisans<\/strong><\/p>\n\n\n\n<p>Vous pourrez \u00e9couter ici diverses interviews des exposants pr\u00e9sents sur la 154\u00e8me \u00e9dition du Comice. Nous avons discut\u00e9 quelques minutes avec eux afin de mettre en avant les artisans mais aussi quelques associations.<\/p>\n\n\n\n<iframe loading=\"lazy\" scrolling=\"no\" id=\"hearthis_at_user_75621-8445500\" width=\"100%\" height=\"350\" src=\"https:\/\/hearthis.at\/set\/75621-8445500\/embed\/\" frameborder=\"0\" allowtransparency allow=\"autoplay\"><\/iframe>\n","protected":false},"excerpt":{"rendered":"<p>Durant la 154\u00e8me \u00e9dition de ce Comice, votre radio locale Fr\u00e9quence Sill\u00e9 se devait d&rsquo;\u00eatre sur les lieux afin de mettre en avant les exposants, artisans mais aussi les agriculteurs&hellip;<\/p>\n","protected":false},"author":1,"featured_media":0,"parent":30,"menu_order":147,"comment_status":"closed","ping_status":"closed","template":"","meta":{"footnotes":""},"class_list":["post-3210","page","type-page","status-publish","hentry","no-post-thumbnail"],"yoast_head":"<!-- This site is optimized with the Yoast SEO plugin v27.3 - https:\/\/yoast.com\/product\/yoast-seo-wordpress\/ -->\n<title>Comice 2017 - Mont St Jean - Fr\u00e9quence Sill\u00e9<\/title>\n<meta name=\"robots\" content=\"index, follow, max-snippet:-1, max-image-preview:large, max-video-preview:-1\" \/>\n<link rel=\"canonical\" href=\"https:\/\/frequence-sille.org\/newsite\/les-evenements\/comice-2017\/\" \/>\n<meta property=\"og:locale\" content=\"fr_FR\" \/>\n<meta property=\"og:type\" content=\"article\" \/>\n<meta property=\"og:title\" content=\"Comice 2017 - Mont St Jean - Fr\u00e9quence Sill\u00e9\" \/>\n<meta property=\"og:description\" content=\"Durant la 154\u00e8me \u00e9dition de ce Comice, votre radio locale Fr\u00e9quence Sill\u00e9 se devait d&rsquo;\u00eatre sur les lieux afin de mettre en avant les exposants, artisans mais aussi les agriculteurs&hellip;\" \/>\n<meta property=\"og:url\" content=\"https:\/\/frequence-sille.org\/newsite\/les-evenements\/comice-2017\/\" \/>\n<meta property=\"og:site_name\" content=\"Fr\u00e9quence Sill\u00e9\" \/>\n<meta property=\"article:publisher\" content=\"https:\/\/www.facebook.com\/frequencesille979fm\" \/>\n<meta property=\"article:modified_time\" content=\"2022-12-07T13:19:34+00:00\" \/>\n<meta name=\"twitter:card\" content=\"summary_large_image\" \/>\n<meta name=\"twitter:site\" content=\"@freqsille979\" \/>\n<meta name=\"twitter:label1\" content=\"Dur\u00e9e de lecture estim\u00e9e\" \/>\n\t<meta name=\"twitter:data1\" content=\"1 minute\" \/>\n<script type=\"application\/ld+json\" class=\"yoast-schema-graph\">{\"@context\":\"https:\\\/\\\/schema.org\",\"@graph\":[{\"@type\":\"WebPage\",\"@id\":\"https:\\\/\\\/frequence-sille.org\\\/newsite\\\/les-evenements\\\/comice-2017\\\/\",\"url\":\"https:\\\/\\\/frequence-sille.org\\\/newsite\\\/les-evenements\\\/comice-2017\\\/\",\"name\":\"Comice 2017 - Mont St Jean - Fr\u00e9quence Sill\u00e9\",\"isPartOf\":{\"@id\":\"https:\\\/\\\/frequence-sille.org\\\/newsite\\\/#website\"},\"datePublished\":\"2017-08-22T12:27:10+00:00\",\"dateModified\":\"2022-12-07T13:19:34+00:00\",\"breadcrumb\":{\"@id\":\"https:\\\/\\\/frequence-sille.org\\\/newsite\\\/les-evenements\\\/comice-2017\\\/#breadcrumb\"},\"inLanguage\":\"fr-FR\",\"potentialAction\":[{\"@type\":\"ReadAction\",\"target\":[\"https:\\\/\\\/frequence-sille.org\\\/newsite\\\/les-evenements\\\/comice-2017\\\/\"]}]},{\"@type\":\"BreadcrumbList\",\"@id\":\"https:\\\/\\\/frequence-sille.org\\\/newsite\\\/les-evenements\\\/comice-2017\\\/#breadcrumb\",\"itemListElement\":[{\"@type\":\"ListItem\",\"position\":1,\"name\":\"Accueil\",\"item\":\"https:\\\/\\\/frequence-sille.org\\\/newsite\\\/\"},{\"@type\":\"ListItem\",\"position\":2,\"name\":\"Les \u00e9v\u00e9nements\",\"item\":\"https:\\\/\\\/frequence-sille.org\\\/newsite\\\/les-evenements\\\/\"},{\"@type\":\"ListItem\",\"position\":3,\"name\":\"Comice 2017 &#8211; Mont St Jean\"}]},{\"@type\":\"WebSite\",\"@id\":\"https:\\\/\\\/frequence-sille.org\\\/newsite\\\/#website\",\"url\":\"https:\\\/\\\/frequence-sille.org\\\/newsite\\\/\",\"name\":\"Fr\u00e9quence Sill\u00e9\",\"description\":\"Bien plus qu&#039;une radio...votre radio !\",\"publisher\":{\"@id\":\"https:\\\/\\\/frequence-sille.org\\\/newsite\\\/#organization\"},\"potentialAction\":[{\"@type\":\"SearchAction\",\"target\":{\"@type\":\"EntryPoint\",\"urlTemplate\":\"https:\\\/\\\/frequence-sille.org\\\/newsite\\\/?s={search_term_string}\"},\"query-input\":{\"@type\":\"PropertyValueSpecification\",\"valueRequired\":true,\"valueName\":\"search_term_string\"}}],\"inLanguage\":\"fr-FR\"},{\"@type\":\"Organization\",\"@id\":\"https:\\\/\\\/frequence-sille.org\\\/newsite\\\/#organization\",\"name\":\"Fr\u00e9quence Sill\u00e9\",\"url\":\"https:\\\/\\\/frequence-sille.org\\\/newsite\\\/\",\"logo\":{\"@type\":\"ImageObject\",\"inLanguage\":\"fr-FR\",\"@id\":\"https:\\\/\\\/frequence-sille.org\\\/newsite\\\/#\\\/schema\\\/logo\\\/image\\\/\",\"url\":\"https:\\\/\\\/frequence-sille.org\\\/newsite\\\/wp-content\\\/uploads\\\/2023\\\/07\\\/LOGO_979_NOIR.png\",\"contentUrl\":\"https:\\\/\\\/frequence-sille.org\\\/newsite\\\/wp-content\\\/uploads\\\/2023\\\/07\\\/LOGO_979_NOIR.png\",\"width\":7680,\"height\":4320,\"caption\":\"Fr\u00e9quence Sill\u00e9\"},\"image\":{\"@id\":\"https:\\\/\\\/frequence-sille.org\\\/newsite\\\/#\\\/schema\\\/logo\\\/image\\\/\"},\"sameAs\":[\"https:\\\/\\\/www.facebook.com\\\/frequencesille979fm\",\"https:\\\/\\\/x.com\\\/freqsille979\",\"https:\\\/\\\/www.instagram.com\\\/frequencesille\\\/\"]}]}<\/script>\n<!-- \/ Yoast SEO plugin. -->","yoast_head_json":{"title":"Comice 2017 - Mont St Jean - Fr\u00e9quence Sill\u00e9","robots":{"index":"index","follow":"follow","max-snippet":"max-snippet:-1","max-image-preview":"max-image-preview:large","max-video-preview":"max-video-preview:-1"},"canonical":"https:\/\/frequence-sille.org\/newsite\/les-evenements\/comice-2017\/","og_locale":"fr_FR","og_type":"article","og_title":"Comice 2017 - Mont St Jean - Fr\u00e9quence Sill\u00e9","og_description":"Durant la 154\u00e8me \u00e9dition de ce Comice, votre radio locale Fr\u00e9quence Sill\u00e9 se devait d&rsquo;\u00eatre sur les lieux afin de mettre en avant les exposants, artisans mais aussi les agriculteurs&hellip;","og_url":"https:\/\/frequence-sille.org\/newsite\/les-evenements\/comice-2017\/","og_site_name":"Fr\u00e9quence Sill\u00e9","article_publisher":"https:\/\/www.facebook.com\/frequencesille979fm","article_modified_time":"2022-12-07T13:19:34+00:00","twitter_card":"summary_large_image","twitter_site":"@freqsille979","twitter_misc":{"Dur\u00e9e de lecture estim\u00e9e":"1 minute"},"schema":{"@context":"https:\/\/schema.org","@graph":[{"@type":"WebPage","@id":"https:\/\/frequence-sille.org\/newsite\/les-evenements\/comice-2017\/","url":"https:\/\/frequence-sille.org\/newsite\/les-evenements\/comice-2017\/","name":"Comice 2017 - Mont St Jean - Fr\u00e9quence Sill\u00e9","isPartOf":{"@id":"https:\/\/frequence-sille.org\/newsite\/#website"},"datePublished":"2017-08-22T12:27:10+00:00","dateModified":"2022-12-07T13:19:34+00:00","breadcrumb":{"@id":"https:\/\/frequence-sille.org\/newsite\/les-evenements\/comice-2017\/#breadcrumb"},"inLanguage":"fr-FR","potentialAction":[{"@type":"ReadAction","target":["https:\/\/frequence-sille.org\/newsite\/les-evenements\/comice-2017\/"]}]},{"@type":"BreadcrumbList","@id":"https:\/\/frequence-sille.org\/newsite\/les-evenements\/comice-2017\/#breadcrumb","itemListElement":[{"@type":"ListItem","position":1,"name":"Accueil","item":"https:\/\/frequence-sille.org\/newsite\/"},{"@type":"ListItem","position":2,"name":"Les \u00e9v\u00e9nements","item":"https:\/\/frequence-sille.org\/newsite\/les-evenements\/"},{"@type":"ListItem","position":3,"name":"Comice 2017 &#8211; Mont St Jean"}]},{"@type":"WebSite","@id":"https:\/\/frequence-sille.org\/newsite\/#website","url":"https:\/\/frequence-sille.org\/newsite\/","name":"Fr\u00e9quence Sill\u00e9","description":"Bien plus qu&#039;une radio...votre radio !","publisher":{"@id":"https:\/\/frequence-sille.org\/newsite\/#organization"},"potentialAction":[{"@type":"SearchAction","target":{"@type":"EntryPoint","urlTemplate":"https:\/\/frequence-sille.org\/newsite\/?s={search_term_string}"},"query-input":{"@type":"PropertyValueSpecification","valueRequired":true,"valueName":"search_term_string"}}],"inLanguage":"fr-FR"},{"@type":"Organization","@id":"https:\/\/frequence-sille.org\/newsite\/#organization","name":"Fr\u00e9quence Sill\u00e9","url":"https:\/\/frequence-sille.org\/newsite\/","logo":{"@type":"ImageObject","inLanguage":"fr-FR","@id":"https:\/\/frequence-sille.org\/newsite\/#\/schema\/logo\/image\/","url":"https:\/\/frequence-sille.org\/newsite\/wp-content\/uploads\/2023\/07\/LOGO_979_NOIR.png","contentUrl":"https:\/\/frequence-sille.org\/newsite\/wp-content\/uploads\/2023\/07\/LOGO_979_NOIR.png","width":7680,"height":4320,"caption":"Fr\u00e9quence Sill\u00e9"},"image":{"@id":"https:\/\/frequence-sille.org\/newsite\/#\/schema\/logo\/image\/"},"sameAs":["https:\/\/www.facebook.com\/frequencesille979fm","https:\/\/x.com\/freqsille979","https:\/\/www.instagram.com\/frequencesille\/"]}]}},"_links":{"self":[{"href":"https:\/\/frequence-sille.org\/newsite\/wp-json\/wp\/v2\/pages\/3210","targetHints":{"allow":["GET"]}}],"collection":[{"href":"https:\/\/frequence-sille.org\/newsite\/wp-json\/wp\/v2\/pages"}],"about":[{"href":"https:\/\/frequence-sille.org\/newsite\/wp-json\/wp\/v2\/types\/page"}],"author":[{"embeddable":true,"href":"https:\/\/frequence-sille.org\/newsite\/wp-json\/wp\/v2\/users\/1"}],"replies":[{"embeddable":true,"href":"https:\/\/frequence-sille.org\/newsite\/wp-json\/wp\/v2\/comments?post=3210"}],"version-history":[{"count":2,"href":"https:\/\/frequence-sille.org\/newsite\/wp-json\/wp\/v2\/pages\/3210\/revisions"}],"predecessor-version":[{"id":10395,"href":"https:\/\/frequence-sille.org\/newsite\/wp-json\/wp\/v2\/pages\/3210\/revisions\/10395"}],"up":[{"embeddable":true,"href":"https:\/\/frequence-sille.org\/newsite\/wp-json\/wp\/v2\/pages\/30"}],"wp:attachment":[{"href":"https:\/\/frequence-sille.org\/newsite\/wp-json\/wp\/v2\/media?parent=3210"}],"curies":[{"name":"wp","href":"https:\/\/api.w.org\/{rel}","templated":true}]}}